CRAN Package Check Results for Package chorrrds

Last updated on 2021-01-25 00:47:53 CET.

Flavor Version Tinstall Tcheck Ttotal Status Flags
r-devel-linux-x86_64-debian-clang 0.1.9.5 6.62 46.71 53.33 OK
r-devel-linux-x86_64-debian-gcc 0.1.9.5 6.31 37.30 43.61 OK
r-devel-linux-x86_64-fedora-clang 0.1.9.5 75.23 NOTE
r-devel-linux-x86_64-fedora-gcc 0.1.9.5 65.01 NOTE
r-devel-windows-ix86+x86_64 0.1.9.5 16.00 61.00 77.00 OK
r-patched-linux-x86_64 0.1.9.5 7.06 44.13 51.19 OK
r-patched-solaris-x86 0.1.9.5 104.20 NOTE
r-release-linux-x86_64 0.1.9.5 7.03 44.15 51.18 OK
r-release-macos-x86_64 0.1.9.5 NOTE
r-release-windows-ix86+x86_64 0.1.9.5 25.00 66.00 91.00 OK
r-oldrel-macos-x86_64 0.1.9.5 NOTE
r-oldrel-windows-ix86+x86_64 0.1.9.5 12.00 64.00 76.00 OK

Check Details

Version: 0.1.9.5
Check: dependencies in R code
Result: NOTE
    Namespace in Imports field not imported from: ‘forcats’
     All declared Imports should be used.
Flavors: r-devel-linux-x86_64-fedora-clang, r-devel-linux-x86_64-fedora-gcc, r-patched-solaris-x86, r-release-macos-x86_64, r-oldrel-macos-x86_64

Version: 0.1.9.5
Check: data for non-ASCII characters
Result: NOTE
     Note: found 4004 marked UTF-8 strings
Flavors: r-devel-linux-x86_64-fedora-clang, r-devel-linux-x86_64-fedora-gcc, r-patched-solaris-x86, r-release-macos-x86_64, r-oldrel-macos-x86_64