CRAN Package Check Results for Package codified

Last updated on 2021-01-25 00:47:54 CET.

Flavor Version Tinstall Tcheck Ttotal Status Flags
r-devel-linux-x86_64-debian-clang 0.2.0 3.14 40.65 43.79 OK
r-devel-linux-x86_64-debian-gcc 0.2.0 2.52 31.10 33.62 OK
r-devel-linux-x86_64-fedora-clang 0.2.0 59.57 NOTE
r-devel-linux-x86_64-fedora-gcc 0.2.0 50.91 NOTE
r-devel-windows-ix86+x86_64 0.2.0 8.00 58.00 66.00 OK
r-patched-linux-x86_64 0.2.0 2.68 38.78 41.46 OK
r-patched-solaris-x86 0.2.0 77.00 NOTE
r-release-linux-x86_64 0.2.0 3.06 38.94 42.00 OK
r-release-macos-x86_64 0.2.0 NOTE
r-release-windows-ix86+x86_64 0.2.0 29.00 61.00 90.00 OK
r-oldrel-macos-x86_64 0.2.0 NOTE
r-oldrel-windows-ix86+x86_64 0.2.0 5.00 58.00 63.00 OK

Check Details

Version: 0.2.0
Check: dependencies in R code
Result: NOTE
    Namespaces in Imports field not imported from:
     ‘methods’ ‘readr’
     All declared Imports should be used.
Flavors: r-devel-linux-x86_64-fedora-clang, r-devel-linux-x86_64-fedora-gcc, r-patched-solaris-x86, r-release-macos-x86_64, r-oldrel-macos-x86_64