CRAN Package Check Results for Package colorBlindness

Last updated on 2021-01-25 00:47:54 CET.

Flavor Version Tinstall Tcheck Ttotal Status Flags
r-devel-linux-x86_64-debian-clang 0.1.6 4.45 59.87 64.32 OK
r-devel-linux-x86_64-debian-gcc 0.1.6 3.98 45.18 49.16 OK
r-devel-linux-x86_64-fedora-clang 0.1.6 88.24 NOTE
r-devel-linux-x86_64-fedora-gcc 0.1.6 79.59 OK
r-devel-windows-ix86+x86_64 0.1.6 15.00 79.00 94.00 NOTE
r-patched-linux-x86_64 0.1.6 4.64 55.87 60.51 OK
r-patched-solaris-x86 0.1.6 104.00 NOTE
r-release-linux-x86_64 0.1.6 5.41 55.82 61.23 OK
r-release-macos-x86_64 0.1.6 NOTE
r-release-windows-ix86+x86_64 0.1.6 15.00 80.00 95.00 NOTE
r-oldrel-macos-x86_64 0.1.6 NOTE
r-oldrel-windows-ix86+x86_64 0.1.6 9.00 80.00 89.00 NOTE

Check Details

Version: 0.1.6
Check: installed package size
Result: NOTE
     installed size is 5.3Mb
     sub-directories of 1Mb or more:
     doc 5.0Mb
Flavors: r-devel-linux-x86_64-fedora-clang, r-devel-windows-ix86+x86_64, r-patched-solaris-x86, r-release-macos-x86_64, r-release-windows-ix86+x86_64, r-oldrel-macos-x86_64, r-oldrel-windows-ix86+x86_64