Last updated on 2021-01-25 00:47:54 CET.
Flavor | Version | Tinstall | Tcheck | Ttotal | Status | Flags |
---|---|---|---|---|---|---|
r-devel-linux-x86_64-debian-clang | 2.3.1 | 4.51 | 63.32 | 67.83 | OK | |
r-devel-linux-x86_64-debian-gcc | 2.3.1 | 3.92 | 47.20 | 51.12 | OK | |
r-devel-linux-x86_64-fedora-clang | 2.3.1 | 86.99 | NOTE | |||
r-devel-linux-x86_64-fedora-gcc | 2.3.1 | 107.72 | NOTE | |||
r-devel-windows-ix86+x86_64 | 2.3.1 | 12.00 | 79.00 | 91.00 | OK | |
r-patched-linux-x86_64 | 2.3.1 | 4.28 | 59.60 | 63.88 | OK | |
r-patched-solaris-x86 | 2.3.1 | 102.00 | NOTE | |||
r-release-linux-x86_64 | 2.3.1 | 4.36 | 60.39 | 64.75 | OK | |
r-release-macos-x86_64 | 2.3.1 | NOTE | ||||
r-release-windows-ix86+x86_64 | 2.3.1 | 13.00 | 81.00 | 94.00 | OK | |
r-oldrel-macos-x86_64 | 2.3.1 | NOTE | ||||
r-oldrel-windows-ix86+x86_64 | 2.3.1 | 8.00 | 82.00 | 90.00 | OK |
Version: 2.3.1
Check: dependencies in R code
Result: NOTE
Namespace in Imports field not imported from: ‘magrittr’
All declared Imports should be used.
Flavors: r-devel-linux-x86_64-fedora-clang, r-devel-linux-x86_64-fedora-gcc, r-patched-solaris-x86, r-release-macos-x86_64, r-oldrel-macos-x86_64