CRAN Package Check Results for Package compboost

Last updated on 2021-01-25 00:47:54 CET.

Flavor Version Tinstall Tcheck Ttotal Status Flags
r-devel-linux-x86_64-debian-clang 0.1.0 249.51 139.94 389.45 OK
r-devel-linux-x86_64-debian-gcc 0.1.0 180.57 96.75 277.32 OK
r-devel-linux-x86_64-fedora-clang 0.1.0 529.67 NOTE
r-devel-linux-x86_64-fedora-gcc 0.1.0 496.43 NOTE
r-devel-windows-ix86+x86_64 0.1.0 564.00 266.00 830.00 NOTE
r-patched-linux-x86_64 0.1.0 212.85 124.97 337.82 OK
r-patched-solaris-x86 0.1.0 398.60 NOTE
r-release-linux-x86_64 0.1.0 207.16 124.81 331.97 OK
r-release-macos-x86_64 0.1.0 NOTE
r-release-windows-ix86+x86_64 0.1.0 446.00 262.00 708.00 NOTE
r-oldrel-macos-x86_64 0.1.0 NOTE
r-oldrel-windows-ix86+x86_64 0.1.0 453.00 248.00 701.00 OK

Additional issues

clang-UBSAN gcc-UBSAN valgrind

Check Details

Version: 0.1.0
Check: installed package size
Result: NOTE
     installed size is 22.9Mb
     sub-directories of 1Mb or more:
     libs 22.3Mb
Flavors: r-devel-linux-x86_64-fedora-clang, r-devel-windows-ix86+x86_64, r-release-macos-x86_64, r-release-windows-ix86+x86_64, r-oldrel-macos-x86_64

Version: 0.1.0
Check: dependencies in R code
Result: NOTE
    Namespaces in Imports field not imported from:
     ‘R6’ ‘checkmate’ ‘methods’
     All declared Imports should be used.
Flavors: r-devel-linux-x86_64-fedora-clang, r-devel-linux-x86_64-fedora-gcc, r-patched-solaris-x86, r-release-macos-x86_64, r-oldrel-macos-x86_64