CRAN Package Check Results for Package cowbell

Last updated on 2021-01-25 00:47:54 CET.

Flavor Version Tinstall Tcheck Ttotal Status Flags
r-devel-linux-x86_64-debian-clang 0.1.0 2.79 76.10 78.89 OK
r-devel-linux-x86_64-debian-gcc 0.1.0 2.16 57.79 59.95 OK
r-devel-linux-x86_64-fedora-clang 0.1.0 101.68 NOTE
r-devel-linux-x86_64-fedora-gcc 0.1.0 92.46 NOTE
r-devel-windows-ix86+x86_64 0.1.0 7.00 96.00 103.00 OK
r-patched-linux-x86_64 0.1.0 2.54 73.04 75.58 OK
r-patched-solaris-x86 0.1.0 128.40 NOTE
r-release-linux-x86_64 0.1.0 2.74 73.40 76.14 OK
r-release-macos-x86_64 0.1.0 NOTE
r-release-windows-ix86+x86_64 0.1.0 18.00 98.00 116.00 OK
r-oldrel-macos-x86_64 0.1.0 NOTE
r-oldrel-windows-ix86+x86_64 0.1.0 4.00 88.00 92.00 OK

Check Details

Version: 0.1.0
Check: dependencies in R code
Result: NOTE
    Namespaces in Imports field not imported from:
     ‘ggplot2’ ‘misc3d’
     All declared Imports should be used.
Flavors: r-devel-linux-x86_64-fedora-clang, r-devel-linux-x86_64-fedora-gcc, r-patched-solaris-x86, r-release-macos-x86_64, r-oldrel-macos-x86_64