Last updated on 2021-01-25 00:47:54 CET.
Flavor | Version | Tinstall | Tcheck | Ttotal | Status | Flags |
---|---|---|---|---|---|---|
r-devel-linux-x86_64-debian-clang | 1.0 | 11.92 | 71.57 | 83.49 | NOTE | |
r-devel-linux-x86_64-debian-gcc | 1.0 | 7.52 | 55.71 | 63.23 | NOTE | |
r-devel-linux-x86_64-fedora-clang | 1.0 | 104.84 | NOTE | |||
r-devel-linux-x86_64-fedora-gcc | 1.0 | 95.91 | NOTE | |||
r-devel-windows-ix86+x86_64 | 1.0 | 19.00 | 73.00 | 92.00 | NOTE | |
r-patched-linux-x86_64 | 1.0 | 8.92 | 66.09 | 75.01 | NOTE | |
r-patched-solaris-x86 | 1.0 | 133.40 | NOTE | |||
r-release-linux-x86_64 | 1.0 | 9.68 | 66.49 | 76.17 | NOTE | |
r-release-macos-x86_64 | 1.0 | NOTE | ||||
r-release-windows-ix86+x86_64 | 1.0 | 15.00 | 87.00 | 102.00 | NOTE | |
r-oldrel-macos-x86_64 | 1.0 | NOTE | ||||
r-oldrel-windows-ix86+x86_64 | 1.0 | 15.00 | 84.00 | 99.00 | NOTE |
Version: 1.0
Check: R code for possible problems
Result: NOTE
cci.nostrat: no visible global function definition for 'quantile'
cci.nostrat: no visible global function definition for 'axis'
cci.nostrat: no visible global function definition for 'lines'
cci.nostrat: no visible global function definition for 'legend'
cci.strat: no visible global function definition for 'axis'
cci.strat: no visible global function definition for 'lines'
cci.strat: no visible global function definition for 'legend'
clfs.nostrat: no visible global function definition for 'quantile'
clfs.nostrat: no visible global function definition for 'axis'
clfs.nostrat: no visible global function definition for 'lines'
clfs.nostrat: no visible global function definition for 'legend'
clfs.strat: no visible global function definition for 'axis'
clfs.strat: no visible global function definition for 'lines'
clfs.strat: no visible global function definition for 'legend'
pvals.2cat: no visible global function definition for 'pchisq'
pvals.cat: no visible global function definition for 'pchisq'
Undefined global functions or variables:
axis legend lines pchisq quantile
Consider adding
importFrom("graphics", "axis", "legend", "lines")
importFrom("stats", "pchisq", "quantile")
to your NAMESPACE file.
Flavors: r-devel-linux-x86_64-debian-clang, r-devel-linux-x86_64-debian-gcc, r-devel-linux-x86_64-fedora-clang, r-devel-linux-x86_64-fedora-gcc, r-devel-windows-ix86+x86_64, r-patched-linux-x86_64, r-patched-solaris-x86, r-release-linux-x86_64, r-release-macos-x86_64, r-release-windows-ix86+x86_64
Version: 1.0
Check: R code for possible problems
Result: NOTE
cci.nostrat: no visible global function definition for ‘quantile’
cci.nostrat: no visible global function definition for ‘plot’
cci.nostrat: no visible global function definition for ‘axis’
cci.nostrat: no visible global function definition for ‘lines’
cci.nostrat: no visible global function definition for ‘legend’
cci.strat: no visible global function definition for ‘plot’
cci.strat: no visible global function definition for ‘axis’
cci.strat: no visible global function definition for ‘lines’
cci.strat: no visible global function definition for ‘legend’
clfs.nostrat: no visible global function definition for ‘quantile’
clfs.nostrat: no visible global function definition for ‘plot’
clfs.nostrat: no visible global function definition for ‘axis’
clfs.nostrat: no visible global function definition for ‘lines’
clfs.nostrat: no visible global function definition for ‘legend’
clfs.strat: no visible global function definition for ‘plot’
clfs.strat: no visible global function definition for ‘axis’
clfs.strat: no visible global function definition for ‘lines’
clfs.strat: no visible global function definition for ‘legend’
pvals.2cat: no visible global function definition for ‘pchisq’
pvals.cat: no visible global function definition for ‘pchisq’
Undefined global functions or variables:
axis legend lines pchisq plot quantile
Consider adding
importFrom("graphics", "axis", "legend", "lines", "plot")
importFrom("stats", "pchisq", "quantile")
to your NAMESPACE file.
Flavors: r-oldrel-macos-x86_64, r-oldrel-windows-ix86+x86_64