CRAN Package Check Results for Package dabestr

Last updated on 2021-01-25 00:47:55 CET.

Flavor Version Tinstall Tcheck Ttotal Status Flags
r-devel-linux-x86_64-debian-clang 0.3.0 27.59 284.56 312.15 OK
r-devel-linux-x86_64-debian-gcc 0.3.0 19.37 201.13 220.50 OK
r-devel-linux-x86_64-fedora-clang 0.3.0 335.08 NOTE
r-devel-linux-x86_64-fedora-gcc 0.3.0 334.22 NOTE
r-devel-windows-ix86+x86_64 0.3.0 19.00 327.00 346.00 OK
r-patched-linux-x86_64 0.3.0 23.63 288.69 312.32 OK
r-patched-solaris-x86 0.3.0 519.00 NOTE
r-release-linux-x86_64 0.3.0 27.84 292.44 320.28 OK
r-release-macos-x86_64 0.3.0 NOTE
r-release-windows-ix86+x86_64 0.3.0 29.00 358.00 387.00 OK
r-oldrel-macos-x86_64 0.3.0 NOTE
r-oldrel-windows-ix86+x86_64 0.3.0 13.00 484.00 497.00 OK

Check Details

Version: 0.3.0
Check: dependencies in R code
Result: NOTE
    Namespaces in Imports field not imported from:
     ‘plyr’ ‘simpleboot’
     All declared Imports should be used.
Flavors: r-devel-linux-x86_64-fedora-clang, r-devel-linux-x86_64-fedora-gcc, r-patched-solaris-x86, r-release-macos-x86_64, r-oldrel-macos-x86_64