Last updated on 2021-01-25 00:47:55 CET.
Flavor | Version | Tinstall | Tcheck | Ttotal | Status | Flags |
---|---|---|---|---|---|---|
r-devel-linux-x86_64-debian-clang | 3.4.3 | 21.44 | 205.12 | 226.56 | OK | |
r-devel-linux-x86_64-debian-gcc | 3.4.3 | 15.59 | 151.05 | 166.64 | OK | |
r-devel-linux-x86_64-fedora-clang | 3.4.3 | 267.59 | NOTE | |||
r-devel-linux-x86_64-fedora-gcc | 3.4.3 | 261.79 | WARN | |||
r-devel-windows-ix86+x86_64 | 3.4.3 | 41.00 | 256.00 | 297.00 | OK | |
r-patched-linux-x86_64 | 3.4.3 | 18.59 | 185.60 | 204.19 | OK | |
r-patched-solaris-x86 | 3.4.3 | 325.60 | NOTE | |||
r-release-linux-x86_64 | 3.4.3 | 19.28 | 185.86 | 205.14 | OK | |
r-release-macos-x86_64 | 3.4.3 | NOTE | ||||
r-release-windows-ix86+x86_64 | 3.4.3 | 46.00 | 262.00 | 308.00 | OK | |
r-oldrel-macos-x86_64 | 3.4.3 | NOTE | ||||
r-oldrel-windows-ix86+x86_64 | 3.4.3 | 32.00 | 251.00 | 283.00 | OK |
Version: 3.4.3
Check: data for non-ASCII characters
Result: NOTE
Note: found 4 marked Latin-1 strings
Note: found 21 marked UTF-8 strings
Flavors: r-devel-linux-x86_64-fedora-clang, r-devel-linux-x86_64-fedora-gcc, r-patched-solaris-x86, r-release-macos-x86_64, r-oldrel-macos-x86_64
Version: 3.4.3
Check: re-building of vignette outputs
Result: WARN
Error(s) in re-building vignettes:
--- re-building ‘dad-intro.Rmd’ using rmarkdown
File table1.png not found in resource path
Error: processing vignette 'dad-intro.Rmd' failed with diagnostics:
pandoc document conversion failed with error 99
--- failed re-building ‘dad-intro.Rmd’
--- re-building ‘mds-discrete-distributions.Rmd’ using rmarkdown
--- finished re-building ‘mds-discrete-distributions.Rmd’
SUMMARY: processing the following file failed:
‘dad-intro.Rmd’
Error: Vignette re-building failed.
Execution halted
Flavor: r-devel-linux-x86_64-fedora-gcc