Last updated on 2021-01-25 00:47:55 CET.
Flavor | Version | Tinstall | Tcheck | Ttotal | Status | Flags |
---|---|---|---|---|---|---|
r-devel-linux-x86_64-debian-clang | 0.9.6 | 30.82 | 87.49 | 118.31 | OK | |
r-devel-linux-x86_64-debian-gcc | 0.9.6 | 23.02 | 65.71 | 88.73 | OK | |
r-devel-linux-x86_64-fedora-clang | 0.9.6 | 160.05 | NOTE | |||
r-devel-linux-x86_64-fedora-gcc | 0.9.6 | 143.03 | OK | |||
r-devel-windows-ix86+x86_64 | 0.9.6 | 74.00 | 162.00 | 236.00 | NOTE | |
r-patched-linux-x86_64 | 0.9.6 | 27.32 | 82.17 | 109.49 | OK | |
r-patched-solaris-x86 | 0.9.6 | 178.20 | OK | |||
r-release-linux-x86_64 | 0.9.6 | 27.70 | 82.87 | 110.57 | OK | |
r-release-macos-x86_64 | 0.9.6 | NOTE | ||||
r-release-windows-ix86+x86_64 | 0.9.6 | 76.00 | 160.00 | 236.00 | NOTE | |
r-oldrel-macos-x86_64 | 0.9.6 | NOTE | ||||
r-oldrel-windows-ix86+x86_64 | 0.9.6 | 60.00 | 160.00 | 220.00 | OK |
Version: 0.9.6
Check: installed package size
Result: NOTE
installed size is 5.4Mb
sub-directories of 1Mb or more:
extdata 2.1Mb
libs 2.5Mb
Flavors: r-devel-linux-x86_64-fedora-clang, r-devel-windows-ix86+x86_64, r-release-macos-x86_64, r-release-windows-ix86+x86_64, r-oldrel-macos-x86_64