Last updated on 2021-01-25 00:47:55 CET.
Flavor | Version | Tinstall | Tcheck | Ttotal | Status | Flags |
---|---|---|---|---|---|---|
r-devel-linux-x86_64-debian-clang | 0.0.1 | 2.63 | 46.04 | 48.67 | OK | |
r-devel-linux-x86_64-debian-gcc | 0.0.1 | 2.08 | 34.83 | 36.91 | OK | |
r-devel-linux-x86_64-fedora-clang | 0.0.1 | 66.35 | NOTE | |||
r-devel-linux-x86_64-fedora-gcc | 0.0.1 | 57.62 | NOTE | |||
r-devel-windows-ix86+x86_64 | 0.0.1 | 7.00 | 68.00 | 75.00 | OK | |
r-patched-linux-x86_64 | 0.0.1 | 2.79 | 45.11 | 47.90 | OK | |
r-patched-solaris-x86 | 0.0.1 | 84.20 | NOTE | |||
r-release-linux-x86_64 | 0.0.1 | 2.52 | 45.19 | 47.71 | OK | |
r-release-macos-x86_64 | 0.0.1 | NOTE | ||||
r-release-windows-ix86+x86_64 | 0.0.1 | 31.00 | 68.00 | 99.00 | OK | |
r-oldrel-macos-x86_64 | 0.0.1 | NOTE | ||||
r-oldrel-windows-ix86+x86_64 | 0.0.1 | 4.00 | 70.00 | 74.00 | OK |
Version: 0.0.1
Check: dependencies in R code
Result: NOTE
Namespaces in Imports field not imported from:
‘dplyr’ ‘readr’
All declared Imports should be used.
Flavors: r-devel-linux-x86_64-fedora-clang, r-devel-linux-x86_64-fedora-gcc, r-patched-solaris-x86, r-release-macos-x86_64, r-oldrel-macos-x86_64