CRAN Package Check Results for Package discretecdAlgorithm

Last updated on 2021-01-25 00:47:55 CET.

Flavor Version Tinstall Tcheck Ttotal Status Flags
r-devel-linux-x86_64-debian-clang 0.0.7 76.43 42.06 118.49 OK
r-devel-linux-x86_64-debian-gcc 0.0.7 46.42 33.13 79.55 OK
r-devel-linux-x86_64-fedora-clang 0.0.7 173.46 NOTE
r-devel-linux-x86_64-fedora-gcc 0.0.7 137.88 OK
r-devel-windows-ix86+x86_64 0.0.7 139.00 98.00 237.00 OK
r-patched-linux-x86_64 0.0.7 55.71 40.52 96.23 OK
r-patched-solaris-x86 0.0.7 127.60 OK
r-release-linux-x86_64 0.0.7 54.66 40.82 95.48 OK
r-release-macos-x86_64 0.0.7 NOTE
r-release-windows-ix86+x86_64 0.0.7 101.00 97.00 198.00 OK
r-oldrel-macos-x86_64 0.0.7 NOTE
r-oldrel-windows-ix86+x86_64 0.0.7 104.00 92.00 196.00 OK

Check Details

Version: 0.0.7
Check: installed package size
Result: NOTE
     installed size is 10.2Mb
     sub-directories of 1Mb or more:
     libs 10.1Mb
Flavors: r-devel-linux-x86_64-fedora-clang, r-release-macos-x86_64, r-oldrel-macos-x86_64