CRAN Package Check Results for Package diveMove

Last updated on 2021-01-25 00:47:55 CET.

Flavor Version Tinstall Tcheck Ttotal Status Flags
r-devel-linux-x86_64-debian-clang 1.5.2 18.57 371.97 390.54 OK
r-devel-linux-x86_64-debian-gcc 1.5.2 17.74 266.52 284.26 OK
r-devel-linux-x86_64-fedora-clang 1.5.2 448.44 OK
r-devel-linux-x86_64-fedora-gcc 1.5.2 450.60 OK
r-devel-windows-ix86+x86_64 1.5.2 49.00 636.00 685.00 OK
r-patched-linux-x86_64 1.5.2 18.23 337.50 355.73 OK
r-patched-solaris-x86 1.5.2 595.30 OK
r-release-linux-x86_64 1.5.2 20.27 340.02 360.29 OK
r-release-macos-x86_64 1.5.2 OK
r-release-windows-ix86+x86_64 1.5.2 50.00 645.00 695.00 OK
r-oldrel-macos-x86_64 1.5.2 NOTE
r-oldrel-windows-ix86+x86_64 1.5.2 30.00 641.00 671.00 OK

Additional issues

M1mac

Check Details

Version: 1.5.2
Check: dependencies in R code
Result: NOTE
    No protocol specified
    No protocol specified
Flavor: r-oldrel-macos-x86_64