CRAN Package Check Results for Package dmbc

Last updated on 2021-01-25 00:47:55 CET.

Flavor Version Tinstall Tcheck Ttotal Status Flags
r-devel-linux-x86_64-debian-clang 0.4.0 101.33 86.75 188.08 OK
r-devel-linux-x86_64-debian-gcc 0.4.0 65.17 64.38 129.55 OK
r-devel-linux-x86_64-fedora-clang 0.4.0 257.27 NOTE
r-devel-linux-x86_64-fedora-gcc 0.4.0 216.67 NOTE
r-devel-windows-ix86+x86_64 0.4.0 237.00 152.00 389.00 OK
r-patched-linux-x86_64 0.4.0 77.01 78.95 155.96 OK
r-patched-solaris-x86 0.4.0 242.30 NOTE
r-release-linux-x86_64 0.4.0 78.07 79.28 157.35 OK
r-release-macos-x86_64 0.4.0 NOTE
r-release-windows-ix86+x86_64 0.4.0 213.00 153.00 366.00 OK
r-oldrel-macos-x86_64 0.4.0 NOTE
r-oldrel-windows-ix86+x86_64 0.4.0 185.00 140.00 325.00 OK

Check Details

Version: 0.4.0
Check: dependencies in R code
Result: NOTE
    Namespace in Imports field not imported from: ‘ggrepel’
     All declared Imports should be used.
Flavors: r-devel-linux-x86_64-fedora-clang, r-devel-linux-x86_64-fedora-gcc, r-patched-solaris-x86, r-release-macos-x86_64, r-oldrel-macos-x86_64