Last updated on 2021-01-25 00:47:56 CET.
Flavor | Version | Tinstall | Tcheck | Ttotal | Status | Flags |
---|---|---|---|---|---|---|
r-devel-linux-x86_64-debian-clang | 0.2.4 | 1.85 | 23.20 | 25.05 | OK | |
r-devel-linux-x86_64-debian-gcc | 0.2.4 | 1.50 | 18.54 | 20.04 | OK | |
r-devel-linux-x86_64-fedora-clang | 0.2.4 | 40.27 | NOTE | |||
r-devel-linux-x86_64-fedora-gcc | 0.2.4 | 30.57 | NOTE | |||
r-devel-windows-ix86+x86_64 | 0.2.4 | 5.00 | 38.00 | 43.00 | OK | |
r-patched-linux-x86_64 | 0.2.4 | 1.94 | 22.89 | 24.83 | OK | |
r-patched-solaris-x86 | 0.2.4 | 50.20 | NOTE | |||
r-release-linux-x86_64 | 0.2.4 | 1.90 | 23.02 | 24.92 | OK | |
r-release-macos-x86_64 | 0.2.4 | NOTE | ||||
r-release-windows-ix86+x86_64 | 0.2.4 | 17.00 | 39.00 | 56.00 | OK | |
r-oldrel-macos-x86_64 | 0.2.4 | NOTE | ||||
r-oldrel-windows-ix86+x86_64 | 0.2.4 | 3.00 | 38.00 | 41.00 | OK |
Version: 0.2.4
Check: dependencies in R code
Result: NOTE
Namespaces in Imports field not imported from:
‘DT’ ‘DoseFinding’ ‘ggplot2’ ‘lattice’ ‘latticeExtra’ ‘shinyjs’
All declared Imports should be used.
Flavors: r-devel-linux-x86_64-fedora-clang, r-devel-linux-x86_64-fedora-gcc, r-patched-solaris-x86, r-release-macos-x86_64, r-oldrel-macos-x86_64