CRAN Package Check Results for Package dotCall64

Last updated on 2021-01-25 00:47:56 CET.

Flavor Version Tinstall Tcheck Ttotal Status Flags
r-devel-linux-x86_64-debian-clang 1.0-0 3.18 23.41 26.59 OK
r-devel-linux-x86_64-debian-gcc 1.0-0 2.37 17.78 20.15 OK
r-devel-linux-x86_64-fedora-clang 1.0-0 41.24 OK
r-devel-linux-x86_64-fedora-gcc 1.0-0 30.46 OK
r-devel-windows-ix86+x86_64 1.0-0 13.00 46.00 59.00 OK
r-patched-linux-x86_64 1.0-0 2.69 21.91 24.60 OK
r-patched-solaris-x86 1.0-0 47.10 OK
r-release-linux-x86_64 1.0-0 3.09 21.84 24.93 OK
r-release-macos-x86_64 1.0-0 OK
r-release-windows-ix86+x86_64 1.0-0 1.00 7.00 8.00 ERROR
r-oldrel-macos-x86_64 1.0-0 OK
r-oldrel-windows-ix86+x86_64 1.0-0 10.00 46.00 56.00 OK

Check Details

Version: 1.0-0
Check: whether package can be installed
Result: ERROR
    Installation failed.
Flavor: r-release-windows-ix86+x86_64