CRAN Package Check Results for Package drawsample

Last updated on 2021-01-25 00:47:56 CET.

Flavor Version Tinstall Tcheck Ttotal Status Flags
r-devel-linux-x86_64-debian-clang 0.1.1 3.69 41.82 45.51 OK
r-devel-linux-x86_64-debian-gcc 0.1.1 3.41 32.08 35.49 OK
r-devel-linux-x86_64-fedora-clang 0.1.1 63.91 NOTE
r-devel-linux-x86_64-fedora-gcc 0.1.1 53.83 OK
r-devel-windows-ix86+x86_64 0.1.1 11.00 57.00 68.00 OK
r-patched-linux-x86_64 0.1.1 3.51 39.66 43.17 OK
r-patched-solaris-x86 0.1.1 71.10 OK
r-release-linux-x86_64 0.1.1 3.72 39.63 43.35 OK
r-release-macos-x86_64 0.1.1 OK
r-release-windows-ix86+x86_64 0.1.1 9.00 61.00 70.00 OK
r-oldrel-macos-x86_64 0.1.1 OK
r-oldrel-windows-ix86+x86_64 0.1.1 8.00 57.00 65.00 OK

Check Details

Version: 0.1.1
Check: Rd cross-references
Result: NOTE
    Undeclared package ‘SimMultiCorrData’ in Rd xrefs
Flavor: r-devel-linux-x86_64-fedora-clang