Last updated on 2021-01-25 00:47:56 CET.
Flavor | Version | Tinstall | Tcheck | Ttotal | Status | Flags |
---|---|---|---|---|---|---|
r-devel-linux-x86_64-debian-clang | 0.2.1 | 11.57 | 155.95 | 167.52 | OK | |
r-devel-linux-x86_64-debian-gcc | 0.2.1 | 9.78 | 118.00 | 127.78 | OK | |
r-devel-linux-x86_64-fedora-clang | 0.2.1 | 207.98 | NOTE | |||
r-devel-linux-x86_64-fedora-gcc | 0.2.1 | 205.09 | OK | |||
r-devel-windows-ix86+x86_64 | 0.2.1 | 26.00 | 177.00 | 203.00 | NOTE | |
r-patched-linux-x86_64 | 0.2.1 | 11.46 | 143.81 | 155.27 | OK | |
r-patched-solaris-x86 | 0.2.1 | 286.30 | NOTE | |||
r-release-linux-x86_64 | 0.2.1 | 11.83 | 142.67 | 154.50 | OK | |
r-release-macos-x86_64 | 0.2.1 | NOTE | ||||
r-release-windows-ix86+x86_64 | 0.2.1 | 28.00 | 184.00 | 212.00 | NOTE | |
r-oldrel-macos-x86_64 | 0.2.1 | ERROR |
Version: 0.2.1
Check: installed package size
Result: NOTE
installed size is 5.5Mb
sub-directories of 1Mb or more:
data 1.7Mb
extdata 3.2Mb
Flavors: r-devel-linux-x86_64-fedora-clang, r-devel-windows-ix86+x86_64, r-patched-solaris-x86, r-release-macos-x86_64, r-release-windows-ix86+x86_64
Version: 0.2.1
Check: package dependencies
Result: ERROR
Packages required but not available:
'TxDb.Hsapiens.UCSC.hg19.knownGene', 'org.Hs.eg.db'
See section ‘The DESCRIPTION file’ in the ‘Writing R Extensions’
manual.
Flavor: r-oldrel-macos-x86_64