Last updated on 2021-01-25 00:47:56 CET.
Flavor | Version | Tinstall | Tcheck | Ttotal | Status | Flags |
---|---|---|---|---|---|---|
r-devel-linux-x86_64-debian-clang | 0.1.2 | 9.14 | 84.83 | 93.97 | OK | |
r-devel-linux-x86_64-debian-gcc | 0.1.2 | 6.95 | 65.41 | 72.36 | OK | |
r-devel-linux-x86_64-fedora-clang | 0.1.2 | 120.81 | NOTE | |||
r-devel-linux-x86_64-fedora-gcc | 0.1.2 | 113.34 | NOTE | |||
r-devel-windows-ix86+x86_64 | 0.1.2 | 20.00 | 152.00 | 172.00 | OK | |
r-patched-linux-x86_64 | 0.1.2 | 8.09 | 79.96 | 88.05 | OK | |
r-patched-solaris-x86 | 0.1.2 | 157.70 | OK | |||
r-release-linux-x86_64 | 0.1.2 | 7.99 | 80.45 | 88.44 | OK | |
r-release-macos-x86_64 | 0.1.2 | OK | ||||
r-release-windows-ix86+x86_64 | 0.1.2 | 18.00 | 151.00 | 169.00 | OK | |
r-oldrel-macos-x86_64 | 0.1.2 | OK | ||||
r-oldrel-windows-ix86+x86_64 | 0.1.2 | 15.00 | 145.00 | 160.00 | OK |
Version: 0.1.2
Check: compiled code
Result: NOTE
File ‘dynpred/libs/dynpred.so’:
Found no calls to: ‘R_registerRoutines’, ‘R_useDynamicSymbols’
It is good practice to register native routines and to disable symbol
search.
See ‘Writing portable packages’ in the ‘Writing R Extensions’ manual.
Flavors: r-devel-linux-x86_64-fedora-clang, r-devel-linux-x86_64-fedora-gcc