Last updated on 2021-01-25 00:47:56 CET.
Flavor | Version | Tinstall | Tcheck | Ttotal | Status | Flags |
---|---|---|---|---|---|---|
r-devel-linux-x86_64-debian-clang | 0.9.9-11 | 13.70 | 118.18 | 131.88 | OK | |
r-devel-linux-x86_64-debian-gcc | 0.9.9-11 | 11.82 | 90.15 | 101.97 | OK | |
r-devel-linux-x86_64-fedora-clang | 0.9.9-11 | 166.42 | NOTE | |||
r-devel-linux-x86_64-fedora-gcc | 0.9.9-11 | 160.16 | OK | |||
r-devel-windows-ix86+x86_64 | 0.9.9-11 | 28.00 | 149.00 | 177.00 | OK | |
r-patched-linux-x86_64 | 0.9.9-11 | 9.62 | 112.04 | 121.66 | OK | |
r-patched-solaris-x86 | 0.9.9-11 | 234.00 | NOTE | |||
r-release-linux-x86_64 | 0.9.9-11 | 9.25 | 111.04 | 120.29 | OK | |
r-release-macos-x86_64 | 0.9.9-11 | OK | ||||
r-release-windows-ix86+x86_64 | 0.9.9-11 | 31.00 | 149.00 | 180.00 | OK | |
r-oldrel-macos-x86_64 | 0.9.9-11 | OK | ||||
r-oldrel-windows-ix86+x86_64 | 0.9.9-11 | 22.00 | 147.00 | 169.00 | OK |
Version: 0.9.9-11
Check: installed package size
Result: NOTE
installed size is 5.0Mb
sub-directories of 1Mb or more:
data 4.3Mb
Flavors: r-devel-linux-x86_64-fedora-clang, r-patched-solaris-x86