CRAN Package Check Results for Package eegkit

Last updated on 2021-01-25 00:47:56 CET.

Flavor Version Tinstall Tcheck Ttotal Status Flags
r-devel-linux-x86_64-debian-clang 1.0-4 6.26 58.51 64.77 OK
r-devel-linux-x86_64-debian-gcc 1.0-4 4.61 43.50 48.11 OK
r-devel-linux-x86_64-fedora-clang 1.0-4 82.69 OK
r-devel-linux-x86_64-fedora-gcc 1.0-4 73.04 OK
r-devel-windows-ix86+x86_64 1.0-4 14.00 75.00 89.00 OK
r-patched-linux-x86_64 1.0-4 6.47 53.07 59.54 OK
r-patched-solaris-x86 1.0-4 110.20 OK
r-release-linux-x86_64 1.0-4 6.42 53.36 59.78 OK
r-release-macos-x86_64 1.0-4 OK
r-release-windows-ix86+x86_64 1.0-4 20.00 75.00 95.00 OK
r-oldrel-macos-x86_64 1.0-4 WARN
r-oldrel-windows-ix86+x86_64 1.0-4 10.00 76.00 86.00 OK

Check Details

Version: 1.0-4
Check: whether package can be installed
Result: WARN
    Found the following significant warnings:
     Warning: 'rgl_init' failed, running with rgl.useNULL = TRUE
Flavor: r-oldrel-macos-x86_64