CRAN Package Check Results for Package emojifont

Last updated on 2021-01-25 00:47:56 CET.

Flavor Version Tinstall Tcheck Ttotal Status Flags
r-devel-linux-x86_64-debian-clang 0.5.3 5.08 50.61 55.69 OK
r-devel-linux-x86_64-debian-gcc 0.5.3 3.78 38.72 42.50 OK
r-devel-linux-x86_64-fedora-clang 0.5.3 74.62 NOTE
r-devel-linux-x86_64-fedora-gcc 0.5.3 64.01 OK
r-devel-windows-ix86+x86_64 0.5.3 14.00 70.00 84.00 NOTE
r-patched-linux-x86_64 0.5.3 5.10 47.41 52.51 OK
r-patched-solaris-x86 0.5.3 88.50 NOTE
r-release-linux-x86_64 0.5.3 4.46 47.45 51.91 OK
r-release-macos-x86_64 0.5.3 NOTE
r-release-windows-ix86+x86_64 0.5.3 23.00 68.00 91.00 NOTE
r-oldrel-macos-x86_64 0.5.3 NOTE
r-oldrel-windows-ix86+x86_64 0.5.3 11.00 65.00 76.00 NOTE

Check Details

Version: 0.5.3
Check: installed package size
Result: NOTE
     installed size is 7.0Mb
     sub-directories of 1Mb or more:
     emoji_fonts 6.5Mb
Flavors: r-devel-linux-x86_64-fedora-clang, r-devel-windows-ix86+x86_64, r-patched-solaris-x86, r-release-macos-x86_64, r-release-windows-ix86+x86_64, r-oldrel-macos-x86_64, r-oldrel-windows-ix86+x86_64