CRAN Package Check Results for Package epos

Last updated on 2021-01-25 00:47:56 CET.

Flavor Version Tinstall Tcheck Ttotal Status Flags
r-devel-linux-x86_64-debian-clang 0.1.3 11.15 114.45 125.60 OK
r-devel-linux-x86_64-debian-gcc 0.1.3 9.32 86.21 95.53 OK
r-devel-linux-x86_64-fedora-clang 0.1.3 158.05 NOTE
r-devel-linux-x86_64-fedora-gcc 0.1.3 152.09 NOTE
r-devel-windows-ix86+x86_64 0.1.3 30.00 150.00 180.00 OK
r-patched-linux-x86_64 0.1.3 7.12 105.62 112.74 OK
r-patched-solaris-x86 0.1.3 224.10 NOTE
r-release-linux-x86_64 0.1.3 7.73 105.11 112.84 OK
r-release-macos-x86_64 0.1.3 NOTE
r-release-windows-ix86+x86_64 0.1.3 31.00 139.00 170.00 OK
r-oldrel-macos-x86_64 0.1.3 NOTE
r-oldrel-windows-ix86+x86_64 0.1.3 21.00 138.00 159.00 OK

Check Details

Version: 0.1.3
Check: dependencies in R code
Result: NOTE
    Namespace in Imports field not imported from: ‘testthat’
     All declared Imports should be used.
Flavors: r-devel-linux-x86_64-fedora-clang, r-devel-linux-x86_64-fedora-gcc, r-patched-solaris-x86, r-release-macos-x86_64, r-oldrel-macos-x86_64

Version: 0.1.3
Check: data for non-ASCII characters
Result: NOTE
     Note: found 15 marked UTF-8 strings
Flavors: r-devel-linux-x86_64-fedora-clang, r-devel-linux-x86_64-fedora-gcc, r-patched-solaris-x86, r-release-macos-x86_64, r-oldrel-macos-x86_64