Last updated on 2021-01-25 00:47:56 CET.
Flavor | Version | Tinstall | Tcheck | Ttotal | Status | Flags |
---|---|---|---|---|---|---|
r-devel-linux-x86_64-debian-clang | 0.7.2 | 6.21 | 57.55 | 63.76 | OK | |
r-devel-linux-x86_64-debian-gcc | 0.7.2 | 5.17 | 42.82 | 47.99 | OK | |
r-devel-linux-x86_64-fedora-clang | 0.7.2 | 82.83 | NOTE | |||
r-devel-linux-x86_64-fedora-gcc | 0.7.2 | 72.76 | NOTE | |||
r-devel-windows-ix86+x86_64 | 0.7.2 | 23.00 | 99.00 | 122.00 | OK | |
r-patched-linux-x86_64 | 0.7.2 | 6.14 | 52.05 | 58.19 | OK | |
r-patched-solaris-x86 | 0.7.2 | 99.70 | OK | |||
r-release-linux-x86_64 | 0.7.2 | 5.86 | 52.76 | 58.62 | OK | |
r-release-macos-x86_64 | 0.7.2 | OK | ||||
r-release-windows-ix86+x86_64 | 0.7.2 | 21.00 | 95.00 | 116.00 | OK | |
r-oldrel-macos-x86_64 | 0.7.2 | OK | ||||
r-oldrel-windows-ix86+x86_64 | 0.7.2 | 16.00 | 95.00 | 111.00 | OK |
Version: 0.7.2
Check: compiled code
Result: NOTE
File ‘equivalence/libs/equivalence.so’:
Found no calls to: ‘R_registerRoutines’, ‘R_useDynamicSymbols’
It is good practice to register native routines and to disable symbol
search.
See ‘Writing portable packages’ in the ‘Writing R Extensions’ manual.
Flavors: r-devel-linux-x86_64-fedora-clang, r-devel-linux-x86_64-fedora-gcc