CRAN Package Check Results for Package equivalenceTest

Last updated on 2021-01-25 00:47:56 CET.

Flavor Version Tinstall Tcheck Ttotal Status Flags
r-devel-linux-x86_64-debian-clang 0.0.1.1 2.38 25.82 28.20 OK
r-devel-linux-x86_64-debian-gcc 0.0.1.1 2.03 20.07 22.10 OK
r-devel-linux-x86_64-fedora-clang 0.0.1.1 42.29 NOTE
r-devel-linux-x86_64-fedora-gcc 0.0.1.1 32.79 NOTE
r-devel-windows-ix86+x86_64 0.0.1.1 6.00 42.00 48.00 OK
r-patched-linux-x86_64 0.0.1.1 2.52 24.63 27.15 OK
r-patched-solaris-x86 0.0.1.1 48.30 NOTE
r-release-linux-x86_64 0.0.1.1 2.61 24.62 27.23 OK
r-release-macos-x86_64 0.0.1.1 NOTE
r-release-windows-ix86+x86_64 0.0.1.1 6.00 39.00 45.00 OK
r-oldrel-macos-x86_64 0.0.1.1 NOTE
r-oldrel-windows-ix86+x86_64 0.0.1.1 3.00 38.00 41.00 OK

Check Details

Version: 0.0.1.1
Check: dependencies in R code
Result: NOTE
    Namespaces in Imports field not imported from:
     ‘cubature’ ‘rootSolve’
     All declared Imports should be used.
Flavors: r-devel-linux-x86_64-fedora-clang, r-devel-linux-x86_64-fedora-gcc, r-patched-solaris-x86, r-release-macos-x86_64, r-oldrel-macos-x86_64