CRAN Package Check Results for Package escalation

Last updated on 2021-01-25 00:47:57 CET.

Flavor Version Tinstall Tcheck Ttotal Status Flags
r-devel-linux-x86_64-debian-clang 0.1.4 12.58 583.90 596.48 OK
r-devel-linux-x86_64-debian-gcc 0.1.4 10.61 423.02 433.63 OK
r-devel-linux-x86_64-fedora-clang 0.1.4 689.45 NOTE
r-devel-linux-x86_64-fedora-gcc 0.1.4 742.37 OK
r-devel-windows-ix86+x86_64 0.1.4 43.00 745.00 788.00 NOTE
r-patched-linux-x86_64 0.1.4 12.75 570.58 583.33 OK
r-patched-solaris-x86 0.1.4 739.40 WARN
r-release-linux-x86_64 0.1.4 12.79 572.29 585.08 OK
r-release-macos-x86_64 0.1.4 WARN
r-release-windows-ix86+x86_64 0.1.4 43.00 745.00 788.00 NOTE
r-oldrel-macos-x86_64 0.1.4 WARN
r-oldrel-windows-ix86+x86_64 0.1.4 31.00 735.00 766.00 NOTE

Check Details

Version: 0.1.4
Check: installed package size
Result: NOTE
     installed size is 13.6Mb
     sub-directories of 1Mb or more:
     doc 13.1Mb
Flavors: r-devel-linux-x86_64-fedora-clang, r-devel-windows-ix86+x86_64, r-patched-solaris-x86, r-release-macos-x86_64, r-release-windows-ix86+x86_64, r-oldrel-macos-x86_64, r-oldrel-windows-ix86+x86_64

Version: 0.1.4
Check: re-building of vignette outputs
Result: WARN
    Error(s) in re-building vignettes:
     ...
    --- re-building ‘A100-DoseSelectors.Rmd’ using rmarkdown
    Warning in engine$weave(file, quiet = quiet, encoding = enc) :
     Pandoc (>= 1.12.3) and/or pandoc-citeproc not available. Falling back to R Markdown v1.
    --- finished re-building ‘A100-DoseSelectors.Rmd’
    
    --- re-building ‘A205-CRM.Rmd’ using rmarkdown
    Warning in engine$weave(file, quiet = quiet, encoding = enc) :
     Pandoc (>= 1.12.3) and/or pandoc-citeproc not available. Falling back to R Markdown v1.
    Loading required package: magrittr
    
    Attaching package: 'dplyr'
    
    The following objects are masked from 'package:stats':
    
     filter, lag
    
    The following objects are masked from 'package:base':
    
     intersect, setdiff, setequal, union
    
    Quitting from lines 326-334 (A205-CRM.Rmd)
    Error: processing vignette 'A205-CRM.Rmd' failed with diagnostics:
    there is no package called 'webshot'
    --- failed re-building ‘A205-CRM.Rmd’
    
    --- re-building ‘A207-NBG.Rmd’ using rmarkdown
    Warning in engine$weave(file, quiet = quiet, encoding = enc) :
     Pandoc (>= 1.12.3) and/or pandoc-citeproc not available. Falling back to R Markdown v1.
    Quitting from lines 100-102 (A207-NBG.Rmd)
    Error: processing vignette 'A207-NBG.Rmd' failed with diagnostics:
    there is no package called 'webshot'
    --- failed re-building ‘A207-NBG.Rmd’
    
    --- re-building ‘A210-TPI.Rmd’ using rmarkdown
    Warning in engine$weave(file, quiet = quiet, encoding = enc) :
     Pandoc (>= 1.12.3) and/or pandoc-citeproc not available. Falling back to R Markdown v1.
    Loading required package: magrittr
    
    Attaching package: 'dplyr'
    
    The following objects are masked from 'package:stats':
    
     filter, lag
    
    The following objects are masked from 'package:base':
    
     intersect, setdiff, setequal, union
    
    Quitting from lines 155-156 (A210-TPI.Rmd)
    Error: processing vignette 'A210-TPI.Rmd' failed with diagnostics:
    there is no package called 'webshot'
    --- failed re-building ‘A210-TPI.Rmd’
    
    --- re-building ‘A220-mTPI.Rmd’ using rmarkdown
    Warning in engine$weave(file, quiet = quiet, encoding = enc) :
     Pandoc (>= 1.12.3) and/or pandoc-citeproc not available. Falling back to R Markdown v1.
    Loading required package: magrittr
    
    Attaching package: 'dplyr'
    
    The following objects are masked from 'package:stats':
    
     filter, lag
    
    The following objects are masked from 'package:base':
    
     intersect, setdiff, setequal, union
    
    Quitting from lines 165-168 (A220-mTPI.Rmd)
    Error: processing vignette 'A220-mTPI.Rmd' failed with diagnostics:
    there is no package called 'webshot'
    --- failed re-building ‘A220-mTPI.Rmd’
    
    --- re-building ‘A230-BOIN.Rmd’ using rmarkdown
    Warning in engine$weave(file, quiet = quiet, encoding = enc) :
     Pandoc (>= 1.12.3) and/or pandoc-citeproc not available. Falling back to R Markdown v1.
    Loading required package: magrittr
    Quitting from lines 121-125 (A230-BOIN.Rmd)
    Error: processing vignette 'A230-BOIN.Rmd' failed with diagnostics:
    there is no package called 'webshot'
    --- failed re-building ‘A230-BOIN.Rmd’
    
    --- re-building ‘A600-DosePaths.Rmd’ using rmarkdown
    Warning in engine$weave(file, quiet = quiet, encoding = enc) :
     Pandoc (>= 1.12.3) and/or pandoc-citeproc not available. Falling back to R Markdown v1.
    --- finished re-building ‘A600-DosePaths.Rmd’
    
    --- re-building ‘A700-Simulation.Rmd’ using rmarkdown
    Warning in engine$weave(file, quiet = quiet, encoding = enc) :
     Pandoc (>= 1.12.3) and/or pandoc-citeproc not available. Falling back to R Markdown v1.
    Loading required package: magrittr
    
    Attaching package: 'dplyr'
    
    The following objects are masked from 'package:stats':
    
     filter, lag
    
    The following objects are masked from 'package:base':
    
     intersect, setdiff, setequal, union
    
    --- finished re-building ‘A700-Simulation.Rmd’
    
    SUMMARY: processing the following files failed:
     ‘A205-CRM.Rmd’ ‘A207-NBG.Rmd’ ‘A210-TPI.Rmd’ ‘A220-mTPI.Rmd’
     ‘A230-BOIN.Rmd’
    
    Error: Vignette re-building failed.
    Execution halted
Flavor: r-patched-solaris-x86

Version: 0.1.4
Check: re-building of vignette outputs
Result: WARN
    Error(s) in re-building vignettes:
    --- re-building ‘A100-DoseSelectors.Rmd’ using rmarkdown
    Warning in engine$weave(file, quiet = quiet, encoding = enc) :
     Pandoc (>= 1.12.3) and/or pandoc-citeproc not available. Falling back to R Markdown v1.
    --- finished re-building ‘A100-DoseSelectors.Rmd’
    
    --- re-building ‘A205-CRM.Rmd’ using rmarkdown
    Warning in engine$weave(file, quiet = quiet, encoding = enc) :
     Pandoc (>= 1.12.3) and/or pandoc-citeproc not available. Falling back to R Markdown v1.
    Loading required package: magrittr
    
    Attaching package: 'dplyr'
    
    The following objects are masked from 'package:stats':
    
     filter, lag
    
    The following objects are masked from 'package:base':
    
     intersect, setdiff, setequal, union
    
    PhantomJS not found. You can install it with webshot::install_phantomjs(). If it is installed, please make sure the phantomjs executable can be found via the PATH variable.
    Quitting from lines 326-334 (A205-CRM.Rmd)
    Error: processing vignette 'A205-CRM.Rmd' failed with diagnostics:
    cannot open the connection
    --- failed re-building ‘A205-CRM.Rmd’
    
    --- re-building ‘A207-NBG.Rmd’ using rmarkdown
    Warning in engine$weave(file, quiet = quiet, encoding = enc) :
     Pandoc (>= 1.12.3) and/or pandoc-citeproc not available. Falling back to R Markdown v1.
    PhantomJS not found. You can install it with webshot::install_phantomjs(). If it is installed, please make sure the phantomjs executable can be found via the PATH variable.
    Quitting from lines 100-102 (A207-NBG.Rmd)
    Error: processing vignette 'A207-NBG.Rmd' failed with diagnostics:
    cannot open the connection
    --- failed re-building ‘A207-NBG.Rmd’
    
    --- re-building ‘A210-TPI.Rmd’ using rmarkdown
    Warning in engine$weave(file, quiet = quiet, encoding = enc) :
     Pandoc (>= 1.12.3) and/or pandoc-citeproc not available. Falling back to R Markdown v1.
    Loading required package: magrittr
    
    Attaching package: 'dplyr'
    
    The following objects are masked from 'package:stats':
    
     filter, lag
    
    The following objects are masked from 'package:base':
    
     intersect, setdiff, setequal, union
    
    Quitting from lines 155-156 (A210-TPI.Rmd)
    Error: processing vignette 'A210-TPI.Rmd' failed with diagnostics:
    cannot open the connection
    --- failed re-building ‘A210-TPI.Rmd’
    
    --- re-building ‘A220-mTPI.Rmd’ using rmarkdown
    Warning in engine$weave(file, quiet = quiet, encoding = enc) :
     Pandoc (>= 1.12.3) and/or pandoc-citeproc not available. Falling back to R Markdown v1.
    Loading required package: magrittr
    
    Attaching package: 'dplyr'
    
    The following objects are masked from 'package:stats':
    
     filter, lag
    
    The following objects are masked from 'package:base':
    
     intersect, setdiff, setequal, union
    
    Quitting from lines 165-168 (A220-mTPI.Rmd)
    Error: processing vignette 'A220-mTPI.Rmd' failed with diagnostics:
    cannot open the connection
    --- failed re-building ‘A220-mTPI.Rmd’
    
    --- re-building ‘A230-BOIN.Rmd’ using rmarkdown
    Warning in engine$weave(file, quiet = quiet, encoding = enc) :
     Pandoc (>= 1.12.3) and/or pandoc-citeproc not available. Falling back to R Markdown v1.
    Loading required package: magrittr
    Quitting from lines 121-125 (A230-BOIN.Rmd)
    Error: processing vignette 'A230-BOIN.Rmd' failed with diagnostics:
    cannot open the connection
    --- failed re-building ‘A230-BOIN.Rmd’
    
    --- re-building ‘A600-DosePaths.Rmd’ using rmarkdown
    Warning in engine$weave(file, quiet = quiet, encoding = enc) :
     Pandoc (>= 1.12.3) and/or pandoc-citeproc not available. Falling back to R Markdown v1.
    --- finished re-building ‘A600-DosePaths.Rmd’
    
    --- re-building ‘A700-Simulation.Rmd’ using rmarkdown
    Warning in engine$weave(file, quiet = quiet, encoding = enc) :
     Pandoc (>= 1.12.3) and/or pandoc-citeproc not available. Falling back to R Markdown v1.
    Loading required package: magrittr
    
    Attaching package: 'dplyr'
    
    The following objects are masked from 'package:stats':
    
     filter, lag
    
    The following objects are masked from 'package:base':
    
     intersect, setdiff, setequal, union
    
    --- finished re-building ‘A700-Simulation.Rmd’
    
    SUMMARY: processing the following files failed:
     ‘A205-CRM.Rmd’ ‘A207-NBG.Rmd’ ‘A210-TPI.Rmd’ ‘A220-mTPI.Rmd’
     ‘A230-BOIN.Rmd’
    
    Error: Vignette re-building failed.
    Execution halted
Flavors: r-release-macos-x86_64, r-oldrel-macos-x86_64