Last updated on 2021-01-25 00:47:57 CET.
Flavor | Version | Tinstall | Tcheck | Ttotal | Status | Flags |
---|---|---|---|---|---|---|
r-devel-linux-x86_64-debian-clang | 0.14 | 2.04 | 29.10 | 31.14 | OK | |
r-devel-linux-x86_64-debian-gcc | 0.14 | 1.85 | 22.42 | 24.27 | OK | |
r-devel-linux-x86_64-fedora-clang | 0.14 | 46.86 | OK | |||
r-devel-linux-x86_64-fedora-gcc | 0.14 | 36.81 | OK | |||
r-devel-windows-ix86+x86_64 | 0.14 | 5.00 | 42.00 | 47.00 | OK | |
r-patched-linux-x86_64 | 0.14 | 2.19 | 27.22 | 29.41 | OK | |
r-patched-solaris-x86 | 0.14 | 52.60 | OK | |||
r-release-linux-x86_64 | 0.14 | 2.25 | 27.10 | 29.35 | OK | |
r-release-macos-x86_64 | 0.14 | ERROR | ||||
r-release-windows-ix86+x86_64 | 0.14 | 11.00 | 42.00 | 53.00 | OK | |
r-oldrel-macos-x86_64 | 0.14 | OK | ||||
r-oldrel-windows-ix86+x86_64 | 0.14 | 4.00 | 41.00 | 45.00 | OK |
Version: 0.14
Check: tests
Result: ERROR
Running ‘test-all.R’ [3s/5s]
Running the tests in ‘tests/test-all.R’ failed.
Last 13 lines of output:
[1] 5 - 4 == 1
── 4. Failure: ggplot2 plots in a single expression are captured (@test-graphics
`x` not equal to `expected`.
Lengths differ: 5 is not 4
══ testthat results ═══════════════════════════════════════════════════════════
[ OK: 49 | SKIPPED: 1 | WARNINGS: 0 | FAILED: 4 ]
1. Failure: ggplot is captured (@test-graphics.r#13)
2. Failure: ggplot is captured (@test-graphics.r#15)
3. Failure: ggplot2 plots in a single expression are captured (@test-graphics.r#47)
4. Failure: ggplot2 plots in a single expression are captured (@test-graphics.r#49)
Error: testthat unit tests failed
Execution halted
Flavor: r-release-macos-x86_64