CRAN Package Check Results for Package eye

Last updated on 2021-01-25 00:47:57 CET.

Flavor Version Tinstall Tcheck Ttotal Status Flags
r-devel-linux-x86_64-debian-clang 1.0.1 6.95 90.35 97.30 OK
r-devel-linux-x86_64-debian-gcc 1.0.1 5.83 66.50 72.33 OK
r-devel-linux-x86_64-fedora-clang 1.0.1 130.05 OK
r-devel-linux-x86_64-fedora-gcc 1.0.1 113.13 OK
r-devel-windows-ix86+x86_64 1.0.1 17.00 111.00 128.00 OK
r-patched-linux-x86_64 1.0.1 6.80 83.67 90.47 OK
r-patched-solaris-x86 1.0.1 154.00 OK
r-release-linux-x86_64 1.0.1 6.43 84.07 90.50 OK
r-release-macos-x86_64 1.0.1 OK
r-release-windows-ix86+x86_64 1.0.1 18.00 111.00 129.00 OK
r-oldrel-macos-x86_64 1.0.1 ERROR

Check Details

Version: 1.0.1
Check: package dependencies
Result: NOTE
    Package suggested but not available for checking: ‘eyedata’
Flavor: r-oldrel-macos-x86_64

Version: 1.0.1
Check: whether package can be installed
Result: ERROR
    Installation failed.
Flavor: r-oldrel-macos-x86_64