CRAN Package Check Results for Package fda.usc

Last updated on 2021-01-25 00:47:57 CET.

Flavor Version Tinstall Tcheck Ttotal Status Flags
r-devel-linux-x86_64-debian-clang 2.0.2 44.22 245.84 290.06 OK
r-devel-linux-x86_64-debian-gcc 2.0.2 38.34 180.70 219.04 OK
r-devel-linux-x86_64-fedora-clang 2.0.2 369.43 NOTE
r-devel-linux-x86_64-fedora-gcc 2.0.2 369.69 NOTE
r-devel-windows-ix86+x86_64 2.0.2 79.00 327.00 406.00 OK
r-patched-linux-x86_64 2.0.2 29.15 219.66 248.81 OK
r-patched-solaris-x86 2.0.2 408.20 NOTE
r-release-linux-x86_64 2.0.2 29.92 221.05 250.97 OK
r-release-macos-x86_64 2.0.2 NOTE
r-release-windows-ix86+x86_64 2.0.2 86.00 326.00 412.00 OK
r-oldrel-macos-x86_64 2.0.2 NOTE
r-oldrel-windows-ix86+x86_64 2.0.2 60.00 304.00 364.00 OK

Check Details

Version: 2.0.2
Check: data for non-ASCII characters
Result: NOTE
     Note: found 76 marked UTF-8 strings
Flavors: r-devel-linux-x86_64-fedora-clang, r-devel-linux-x86_64-fedora-gcc, r-patched-solaris-x86, r-release-macos-x86_64, r-oldrel-macos-x86_64