Last updated on 2021-01-25 00:47:57 CET.
Flavor | Version | Tinstall | Tcheck | Ttotal | Status | Flags |
---|---|---|---|---|---|---|
r-devel-linux-x86_64-debian-clang | 1.9.4 | 100.05 | 192.27 | 292.32 | OK | |
r-devel-linux-x86_64-debian-gcc | 1.9.4 | 66.53 | 139.84 | 206.37 | OK | |
r-devel-linux-x86_64-fedora-clang | 1.9.4 | 378.19 | NOTE | |||
r-devel-linux-x86_64-fedora-gcc | 1.9.4 | 341.47 | OK | |||
r-devel-windows-ix86+x86_64 | 1.9.4 | 205.00 | 346.00 | 551.00 | NOTE | |
r-patched-linux-x86_64 | 1.9.4 | 76.74 | 178.84 | 255.58 | OK | |
r-patched-solaris-x86 | 1.9.4 | 409.70 | OK | |||
r-release-linux-x86_64 | 1.9.4 | 79.68 | 175.98 | 255.66 | OK | |
r-release-macos-x86_64 | 1.9.4 | NOTE | ||||
r-release-windows-ix86+x86_64 | 1.9.4 | 197.00 | 349.00 | 546.00 | NOTE | |
r-oldrel-macos-x86_64 | 1.9.4 | WARN | ||||
r-oldrel-windows-ix86+x86_64 | 1.9.4 | 166.00 | 321.00 | 487.00 | OK |
Version: 1.9.4
Check: installed package size
Result: NOTE
installed size is 6.2Mb
sub-directories of 1Mb or more:
data 2.3Mb
libs 3.3Mb
Flavors: r-devel-linux-x86_64-fedora-clang, r-devel-windows-ix86+x86_64, r-release-macos-x86_64, r-release-windows-ix86+x86_64, r-oldrel-macos-x86_64
Version: 1.9.4
Check: whether package can be installed
Result: WARN
Found the following significant warnings:
Warning: 'rgl.init' failed, running with 'rgl.useNULL = TRUE'.
Flavor: r-oldrel-macos-x86_64