CRAN Package Check Results for Package feedeR

Last updated on 2021-01-25 00:47:57 CET.

Flavor Version Tinstall Tcheck Ttotal Status Flags
r-devel-linux-x86_64-debian-clang 0.0.10 5.68 60.11 65.79 OK
r-devel-linux-x86_64-debian-gcc 0.0.10 4.54 44.59 49.13 OK
r-devel-linux-x86_64-fedora-clang 0.0.10 93.05 OK
r-devel-linux-x86_64-fedora-gcc 0.0.10 76.29 OK
r-devel-windows-ix86+x86_64 0.0.10 14.00 83.00 97.00 OK
r-patched-linux-x86_64 0.0.10 4.60 55.30 59.90 OK
r-patched-solaris-x86 0.0.10 94.80 ERROR
r-release-linux-x86_64 0.0.10 5.61 55.54 61.15 OK
r-release-macos-x86_64 0.0.10 OK
r-release-windows-ix86+x86_64 0.0.10 11.00 85.00 96.00 OK
r-oldrel-macos-x86_64 0.0.10 OK
r-oldrel-windows-ix86+x86_64 0.0.10 9.00 80.00 89.00 OK

Check Details

Version: 0.0.10
Check: tests
Result: ERROR
     Running ‘testthat.R’ [11s/44s]
    Running the tests in ‘tests/testthat.R’ failed.
    Complete output:
     > library(testthat)
     > library(feedeR)
     >
     > test_check("feedeR")
     ══ Warnings ════════════════════════════════════════════════════════════════════
     ── Warning (test_rss.R:53:3): feed which requires valid User-Agent ─────────────
     cannot open URL 'https://www.glassdoor.com/rss/reviews.rss?id=7745': HTTP status was '403 Forbidden'
     Backtrace:
     1. testthat::expect_is(...) test_rss.R:53:2
     4. feedeR::feed.extract("https://www.glassdoor.com/rss/reviews.rss?id=7745")
     5. utils::download.file(url = clean.url(url), XMLFILE, quiet = TRUE)
    
     ══ Failed tests ════════════════════════════════════════════════════════════════
     ── Error (test_rss.R:53:3): feed which requires valid User-Agent ───────────────
     Error: cannot open URL 'https://www.glassdoor.com/rss/reviews.rss?id=7745'
     Backtrace:
     █
     1. ├─testthat::expect_is(...) test_rss.R:53:2
     2. │ └─testthat::quasi_label(enquo(object), label, arg = "object")
     3. │ └─rlang::eval_bare(expr, quo_get_env(quo))
     4. └─feedeR::feed.extract("https://www.glassdoor.com/rss/reviews.rss?id=7745")
     5. └─utils::download.file(url = clean.url(url), XMLFILE, quiet = TRUE)
    
     [ FAIL 1 | WARN 1 | SKIP 0 | PASS 22 ]
     Error: Test failures
     Execution halted
Flavor: r-patched-solaris-x86