Last updated on 2021-01-25 00:47:57 CET.
Flavor | Version | Tinstall | Tcheck | Ttotal | Status | Flags |
---|---|---|---|---|---|---|
r-devel-linux-x86_64-debian-clang | 0.6-9 | 164.58 | 246.58 | 411.16 | OK | |
r-devel-linux-x86_64-debian-gcc | 0.6-9 | 114.24 | 184.10 | 298.34 | OK | |
r-devel-linux-x86_64-fedora-clang | 0.6-9 | 516.78 | NOTE | |||
r-devel-linux-x86_64-fedora-gcc | 0.6-9 | 517.31 | OK | |||
r-devel-windows-ix86+x86_64 | 0.6-9 | 269.00 | 413.00 | 682.00 | NOTE | |
r-patched-linux-x86_64 | 0.6-9 | 110.24 | 226.76 | 337.00 | OK | |
r-patched-solaris-x86 | 0.6-9 | 559.80 | OK | |||
r-release-linux-x86_64 | 0.6-9 | 125.89 | 227.93 | 353.82 | OK | |
r-release-macos-x86_64 | 0.6-9 | NOTE | ||||
r-release-windows-ix86+x86_64 | 0.6-9 | 238.00 | 472.00 | 710.00 | NOTE | |
r-oldrel-macos-x86_64 | 0.6-9 | NOTE | ||||
r-oldrel-windows-ix86+x86_64 | 0.6-9 | 220.00 | 441.00 | 661.00 | NOTE |
Version: 0.6-9
Check: installed package size
Result: NOTE
installed size is 35.8Mb
sub-directories of 1Mb or more:
libs 34.6Mb
Flavors: r-devel-linux-x86_64-fedora-clang, r-devel-windows-ix86+x86_64, r-release-macos-x86_64, r-release-windows-ix86+x86_64, r-oldrel-macos-x86_64, r-oldrel-windows-ix86+x86_64