CRAN Package Check Results for Package fractional

Last updated on 2021-01-25 00:47:57 CET.

Flavor Version Tinstall Tcheck Ttotal Status Flags
r-devel-linux-x86_64-debian-clang 0.1.3 19.37 37.47 56.84 OK
r-devel-linux-x86_64-debian-gcc 0.1.3 11.95 28.64 40.59 OK
r-devel-linux-x86_64-fedora-clang 0.1.3 82.30 NOTE
r-devel-linux-x86_64-fedora-gcc 0.1.3 67.00 NOTE
r-devel-windows-ix86+x86_64 0.1.3 44.00 72.00 116.00 OK
r-patched-linux-x86_64 0.1.3 14.98 35.00 49.98 OK
r-patched-solaris-x86 0.1.3 80.80 OK
r-release-linux-x86_64 0.1.3 14.26 34.97 49.23 OK
r-release-macos-x86_64 0.1.3 OK
r-release-windows-ix86+x86_64 0.1.3 39.00 83.00 122.00 OK
r-oldrel-macos-x86_64 0.1.3 OK
r-oldrel-windows-ix86+x86_64 0.1.3 35.00 75.00 110.00 OK

Check Details

Version: 0.1.3
Check: compiled code
Result: NOTE
    File ‘fractional/libs/fractional.so’:
     Found no calls to: ‘R_registerRoutines’, ‘R_useDynamicSymbols’
    
    It is good practice to register native routines and to disable symbol
    search.
    
    See ‘Writing portable packages’ in the ‘Writing R Extensions’ manual.
Flavors: r-devel-linux-x86_64-fedora-clang, r-devel-linux-x86_64-fedora-gcc