CRAN Package Check Results for Package future.batchtools

Last updated on 2021-01-25 00:47:58 CET.

Flavor Version Tinstall Tcheck Ttotal Status Flags
r-devel-linux-x86_64-debian-clang 0.10.0 4.22 270.23 274.45 OK
r-devel-linux-x86_64-debian-gcc 0.10.0 3.93 199.81 203.74 OK
r-devel-linux-x86_64-fedora-clang 0.10.0 320.73 NOTE
r-devel-linux-x86_64-fedora-gcc 0.10.0 331.18 OK
r-devel-windows-ix86+x86_64 0.10.0 10.00 326.00 336.00 OK
r-patched-linux-x86_64 0.10.0 4.51 254.33 258.84 OK
r-patched-solaris-x86 0.10.0 472.90 OK
r-release-linux-x86_64 0.10.0 4.43 256.40 260.83 OK
r-release-macos-x86_64 0.10.0 OK
r-release-windows-ix86+x86_64 0.10.0 7.00 330.00 337.00 OK
r-oldrel-macos-x86_64 0.10.0 OK
r-oldrel-windows-ix86+x86_64 0.10.0 7.00 339.00 346.00 OK

Check Details

Version: 0.10.0
Check: Rd cross-references
Result: NOTE
    Undeclared package ‘globals’ in Rd xrefs
Flavor: r-devel-linux-x86_64-fedora-clang