Last updated on 2021-01-25 00:47:58 CET.
Flavor | Version | Tinstall | Tcheck | Ttotal | Status | Flags |
---|---|---|---|---|---|---|
r-devel-linux-x86_64-debian-clang | 1.0.1 | 9.51 | 118.17 | 127.68 | OK | |
r-devel-linux-x86_64-debian-gcc | 1.0.1 | 8.04 | 86.27 | 94.31 | OK | |
r-devel-linux-x86_64-fedora-clang | 1.0.1 | 157.79 | NOTE | |||
r-devel-linux-x86_64-fedora-gcc | 1.0.1 | 145.74 | OK | |||
r-devel-windows-ix86+x86_64 | 1.0.1 | 22.00 | 166.00 | 188.00 | OK | |
r-patched-linux-x86_64 | 1.0.1 | 8.16 | 109.27 | 117.43 | OK | |
r-patched-solaris-x86 | 1.0.1 | 197.00 | OK | |||
r-release-linux-x86_64 | 1.0.1 | 9.57 | 109.23 | 118.80 | OK | |
r-release-macos-x86_64 | 1.0.1 | OK | ||||
r-release-windows-ix86+x86_64 | 1.0.1 | 15.00 | 122.00 | 137.00 | OK | |
r-oldrel-macos-x86_64 | 1.0.1 | OK | ||||
r-oldrel-windows-ix86+x86_64 | 1.0.1 | 16.00 | 170.00 | 186.00 | OK |
Version: 1.0.1
Check: Rd cross-references
Result: NOTE
Undeclared package ‘hyperSpec’ in Rd xrefs
Flavor: r-devel-linux-x86_64-fedora-clang