CRAN Package Check Results for Package gems

Last updated on 2021-01-25 00:47:58 CET.

Flavor Version Tinstall Tcheck Ttotal Status Flags
r-devel-linux-x86_64-debian-clang 1.1.1 5.15 60.12 65.27 OK
r-devel-linux-x86_64-debian-gcc 1.1.1 4.20 45.88 50.08 OK
r-devel-linux-x86_64-fedora-clang 1.1.1 87.70 OK
r-devel-linux-x86_64-fedora-gcc 1.1.1 76.48 OK
r-devel-windows-ix86+x86_64 1.1.1 10.00 83.00 93.00 OK
r-patched-linux-x86_64 1.1.1 5.32 56.30 61.62 OK
r-patched-solaris-x86 1.1.1 101.20 OK
r-release-linux-x86_64 1.1.1 5.37 56.54 61.91 WARN
r-release-macos-x86_64 1.1.1 OK
r-release-windows-ix86+x86_64 1.1.1 8.00 83.00 91.00 OK
r-oldrel-macos-x86_64 1.1.1 OK
r-oldrel-windows-ix86+x86_64 1.1.1 8.00 78.00 86.00 OK

Check Details

Version: 1.1.1
Check: re-building of vignette outputs
Result: WARN
    Error(s) in re-building vignettes:
     ...
    --- re-building ‘gems.Rnw’ using Sweave
    Error: processing vignette 'gems.Rnw' failed with diagnostics:
    Running ‘texi2dvi’ on ‘gems.tex’ failed.
    LaTeX errors:
    ! Undefined control sequence.
    <recently read> \Hy@colorlink
    
    l.95 \begin{document}
    
    ! Undefined control sequence.
    \close@pdflink ->\Hy@endcolorlink
     \Hy@VerboseLinkStop \pdfendlink
    l.95 \begin{document}
    
    ! Undefined control sequence.
    <recently read> \Hy@colorlink
    
    l.95 \begin{document}
    
    ! Undefined control sequence.
    \close@pdflink ->\Hy@endcolorlink
     \Hy@VerboseLinkStop \pdfendlink
    l.95 \begin{document}
    
    ! Undefined control sequence.
    <recently read> \Hy@colorlink
    
    l.95 \begin{document}
    
    ! Undefined control sequence.
    \close@pdflink ->\Hy@endcolorlink
     \Hy@VerboseLinkStop \pdfendlink
    l.95 \begin{document}
    
    ! Undefined control sequence.
    <recently read> \Hy@colorlink
    
    l.95 \begin{document}
    
    ! Undefined control sequence.
    \close@pdflink ->\Hy@endcolorlink
     \Hy@VerboseLinkStop \pdfendlink
    l.95 \begin{document}
    
    --- failed re-building ‘gems.Rnw’
    
    SUMMARY: processing the following file failed:
     ‘gems.Rnw’
    
    Error: Vignette re-building failed.
    Execution halted
Flavor: r-release-linux-x86_64