Last updated on 2021-01-25 00:47:58 CET.
Flavor | Version | Tinstall | Tcheck | Ttotal | Status | Flags |
---|---|---|---|---|---|---|
r-devel-linux-x86_64-debian-clang | 1.0.1 | 4.49 | 44.87 | 49.36 | OK | |
r-devel-linux-x86_64-debian-gcc | 1.0.1 | 3.63 | 34.53 | 38.16 | OK | |
r-devel-linux-x86_64-fedora-clang | 1.0.1 | 67.09 | NOTE | |||
r-devel-linux-x86_64-fedora-gcc | 1.0.1 | 59.47 | NOTE | |||
r-devel-windows-ix86+x86_64 | 1.0.1 | 13.00 | 63.00 | 76.00 | OK | |
r-patched-linux-x86_64 | 1.0.1 | 4.49 | 42.09 | 46.58 | OK | |
r-patched-solaris-x86 | 1.0.1 | 82.70 | NOTE | |||
r-release-linux-x86_64 | 1.0.1 | 4.11 | 41.97 | 46.08 | OK | |
r-release-macos-x86_64 | 1.0.1 | NOTE | ||||
r-release-windows-ix86+x86_64 | 1.0.1 | 22.00 | 68.00 | 90.00 | OK | |
r-oldrel-macos-x86_64 | 1.0.1 | NOTE | ||||
r-oldrel-windows-ix86+x86_64 | 1.0.1 | 8.00 | 65.00 | 73.00 | OK |
Version: 1.0.1
Check: dependencies in R code
Result: NOTE
Namespaces in Imports field not imported from:
‘ggplot2’ ‘pracma’ ‘rlang’
All declared Imports should be used.
Flavors: r-devel-linux-x86_64-fedora-clang, r-devel-linux-x86_64-fedora-gcc, r-patched-solaris-x86, r-release-macos-x86_64, r-oldrel-macos-x86_64