CRAN Package Check Results for Package genSurv

Last updated on 2021-01-25 00:47:58 CET.

Flavor Version Tinstall Tcheck Ttotal Status Flags
r-devel-linux-x86_64-debian-clang 1.0.3 3.67 30.23 33.90 OK
r-devel-linux-x86_64-debian-gcc 1.0.3 2.68 23.43 26.11 OK
r-devel-linux-x86_64-fedora-clang 1.0.3 49.95 NOTE
r-devel-linux-x86_64-fedora-gcc 1.0.3 39.46 NOTE
r-devel-windows-ix86+x86_64 1.0.3 9.00 45.00 54.00 OK
r-patched-linux-x86_64 1.0.3 3.49 28.50 31.99 OK
r-patched-solaris-x86 1.0.3 54.70 OK
r-release-linux-x86_64 1.0.3 3.83 28.84 32.67 OK
r-release-macos-x86_64 1.0.3 OK
r-release-windows-ix86+x86_64 1.0.3 8.00 55.00 63.00 OK
r-oldrel-macos-x86_64 1.0.3 OK
r-oldrel-windows-ix86+x86_64 1.0.3 6.00 43.00 49.00 OK

Check Details

Version: 1.0.3
Check: compiled code
Result: NOTE
    File ‘genSurv/libs/genSurv.so’:
     Found no calls to: ‘R_registerRoutines’, ‘R_useDynamicSymbols’
    
    It is good practice to register native routines and to disable symbol
    search.
    
    See ‘Writing portable packages’ in the ‘Writing R Extensions’ manual.
Flavors: r-devel-linux-x86_64-fedora-clang, r-devel-linux-x86_64-fedora-gcc