Last updated on 2021-01-25 00:47:58 CET.
Flavor | Version | Tinstall | Tcheck | Ttotal | Status | Flags |
---|---|---|---|---|---|---|
r-devel-linux-x86_64-debian-clang | 1.4 | 4.45 | 67.82 | 72.27 | OK | |
r-devel-linux-x86_64-debian-gcc | 1.4 | 3.69 | 52.50 | 56.19 | OK | |
r-devel-linux-x86_64-fedora-clang | 1.4 | 97.35 | NOTE | |||
r-devel-linux-x86_64-fedora-gcc | 1.4 | 85.60 | NOTE | |||
r-devel-windows-ix86+x86_64 | 1.4 | 14.00 | 103.00 | 117.00 | OK | |
r-patched-linux-x86_64 | 1.4 | 3.92 | 64.63 | 68.55 | OK | |
r-patched-solaris-x86 | 1.4 | 126.80 | NOTE | |||
r-release-linux-x86_64 | 1.4 | 4.95 | 64.92 | 69.87 | OK | |
r-release-macos-x86_64 | 1.4 | NOTE | ||||
r-release-windows-ix86+x86_64 | 1.4 | 30.00 | 122.00 | 152.00 | OK | |
r-oldrel-macos-x86_64 | 1.4 | NOTE | ||||
r-oldrel-windows-ix86+x86_64 | 1.4 | 10.00 | 117.00 | 127.00 | OK |
Version: 1.4
Check: data for non-ASCII characters
Result: NOTE
Note: found 58 marked Latin-1 strings
Flavors: r-devel-linux-x86_64-fedora-clang, r-devel-linux-x86_64-fedora-gcc, r-patched-solaris-x86, r-release-macos-x86_64, r-oldrel-macos-x86_64