CRAN Package Check Results for Package geodimension

Last updated on 2021-01-25 00:47:58 CET.

Flavor Version Tinstall Tcheck Ttotal Status Flags
r-devel-linux-x86_64-debian-clang 1.0.0 5.54 159.45 164.99 OK
r-devel-linux-x86_64-debian-gcc 1.0.0 5.12 120.12 125.24 OK
r-devel-linux-x86_64-fedora-clang 1.0.0 203.14 NOTE
r-devel-linux-x86_64-fedora-gcc 1.0.0 196.15 NOTE
r-devel-windows-ix86+x86_64 1.0.0 12.00 195.00 207.00 OK
r-patched-linux-x86_64 1.0.0 5.41 151.87 157.28 OK
r-patched-solaris-x86 1.0.0 280.70 NOTE
r-release-linux-x86_64 1.0.0 5.33 155.94 161.27 OK
r-release-macos-x86_64 1.0.0 NOTE
r-release-windows-ix86+x86_64 1.0.0 30.00 234.00 264.00 OK
r-oldrel-macos-x86_64 1.0.0 NOTE
r-oldrel-windows-ix86+x86_64 1.0.0 9.00 227.00 236.00 OK

Check Details

Version: 1.0.0
Check: dependencies in R code
Result: NOTE
    Namespaces in Imports field not imported from:
     ‘pander’ ‘readr’ ‘tidyr’
     All declared Imports should be used.
Flavors: r-devel-linux-x86_64-fedora-clang, r-devel-linux-x86_64-fedora-gcc, r-patched-solaris-x86, r-release-macos-x86_64, r-oldrel-macos-x86_64

Version: 1.0.0
Check: data for non-ASCII characters
Result: NOTE
     Note: found 80 marked UTF-8 strings
Flavors: r-devel-linux-x86_64-fedora-clang, r-devel-linux-x86_64-fedora-gcc, r-patched-solaris-x86, r-release-macos-x86_64, r-oldrel-macos-x86_64