Last updated on 2021-01-25 00:47:58 CET.
Flavor | Version | Tinstall | Tcheck | Ttotal | Status | Flags |
---|---|---|---|---|---|---|
r-devel-linux-x86_64-debian-clang | 0.2.0 | 7.54 | 284.49 | 292.03 | OK | |
r-devel-linux-x86_64-debian-gcc | 0.2.0 | 6.59 | 205.61 | 212.20 | OK | |
r-devel-linux-x86_64-fedora-clang | 0.2.0 | 332.23 | NOTE | |||
r-devel-linux-x86_64-fedora-gcc | 0.2.0 | 328.61 | NOTE | |||
r-devel-windows-ix86+x86_64 | 0.2.0 | 21.00 | 278.00 | 299.00 | OK | |
r-patched-linux-x86_64 | 0.2.0 | 9.42 | 268.81 | 278.23 | OK | |
r-patched-solaris-x86 | 0.2.0 | 437.40 | NOTE | |||
r-release-linux-x86_64 | 0.2.0 | 7.36 | 268.33 | 275.69 | OK | |
r-release-macos-x86_64 | 0.2.0 | NOTE | ||||
r-release-windows-ix86+x86_64 | 0.2.0 | 37.00 | 336.00 | 373.00 | OK | |
r-oldrel-macos-x86_64 | 0.2.0 | NOTE | ||||
r-oldrel-windows-ix86+x86_64 | 0.2.0 | 16.00 | 390.00 | 406.00 | OK |
Version: 0.2.0
Check: dependencies in R code
Result: NOTE
Namespace in Imports field not imported from: ‘sf’
All declared Imports should be used.
Flavors: r-devel-linux-x86_64-fedora-clang, r-devel-linux-x86_64-fedora-gcc, r-patched-solaris-x86, r-release-macos-x86_64, r-oldrel-macos-x86_64
Version: 0.2.0
Check: data for non-ASCII characters
Result: NOTE
Note: found 646 marked UTF-8 strings
Flavors: r-devel-linux-x86_64-fedora-clang, r-devel-linux-x86_64-fedora-gcc, r-patched-solaris-x86, r-release-macos-x86_64, r-oldrel-macos-x86_64