CRAN Package Check Results for Package geogenr

Last updated on 2021-01-25 00:47:58 CET.

Flavor Version Tinstall Tcheck Ttotal Status Flags
r-devel-linux-x86_64-debian-clang 1.0.0 19.50 88.27 107.77 OK
r-devel-linux-x86_64-debian-gcc 1.0.0 18.37 69.12 87.49 OK
r-devel-linux-x86_64-fedora-clang 1.0.0 143.62 NOTE
r-devel-linux-x86_64-fedora-gcc 1.0.0 135.41 NOTE
r-devel-windows-ix86+x86_64 1.0.0 43.00 108.00 151.00 OK
r-patched-linux-x86_64 1.0.0 20.08 83.78 103.86 OK
r-patched-solaris-x86 1.0.0 268.80 NOTE
r-release-linux-x86_64 1.0.0 18.91 83.90 102.81 OK
r-release-macos-x86_64 1.0.0 NOTE
r-release-windows-ix86+x86_64 1.0.0 61.00 127.00 188.00 OK
r-oldrel-macos-x86_64 1.0.0 ERROR
r-oldrel-windows-ix86+x86_64 1.0.0 38.00 126.00 164.00 ERROR

Check Details

Version: 1.0.0
Check: dependencies in R code
Result: NOTE
    Namespaces in Imports field not imported from:
     ‘generics’ ‘pander’ ‘purrr’ ‘readr’ ‘rlang’
     All declared Imports should be used.
Flavors: r-devel-linux-x86_64-fedora-clang, r-devel-linux-x86_64-fedora-gcc, r-patched-solaris-x86, r-release-macos-x86_64, r-oldrel-macos-x86_64

Version: 1.0.0
Check: tests
Result: ERROR
     Running ‘testthat.R’ [7s/7s]
    Running the tests in ‘tests/testthat.R’ failed.
    Last 13 lines of output:
     'current' is not a factor
     ── Failure (test-get_legal_and_administrative_areas.R:8:3): get_legal_and_administrative_areas works ──
     `laa` not equal to c(...).
     'current' is not a factor
     ── Failure (test-get_statistical_areas.R:8:3): get_statistical_areas works ─────
     `sa` not equal to c(...).
     'current' is not a factor
     ── Failure (test-uscb_acs_5ye.R:7:3): uscb_acs_5ye works ───────────────────────
     `ua` not equal to structure(...).
     Component "variables": Component "name": 'current' is not a factor
     Component "variables": Component "url": 'current' is not a factor
    
     [ FAIL 4 | WARN 1 | SKIP 0 | PASS 26 ]
     Error: Test failures
     Execution halted
Flavor: r-oldrel-macos-x86_64

Version: 1.0.0
Check: tests
Result: ERROR
     Running 'testthat.R' [11s]
    Running the tests in 'tests/testthat.R' failed.
    Complete output:
     > library(testthat)
     > library(geogenr)
     >
     > test_check("geogenr")
     == Warnings ====================================================================
     -- Warning (test-get_common_geomultistar.R:28:3): get_common_geomultistar works --
     The `.dots` argument of `group_by()` is deprecated as of dplyr 1.0.0.
     This warning is displayed once every 8 hours.
     Call `lifecycle::last_warnings()` to see where this warning was generated.
     Backtrace:
     1. uf %>% get_common_geomultistar() test-get_common_geomultistar.R:28:2
     3. geogenr:::get_common_geomultistar.uscb_folder(.)
     4. geogenr:::define_geomultistar(...)
     7. starschemar::star_schema(ft, dm)
     8. starschemar:::new_star_schema(tibble::as_tibble(ft), sd)
     10. starschemar:::group_table.fact_table(star$fact[[1]])
     12. dplyr:::group_by.data.frame(as.data.frame(ft), .dots = dim_keys)
     13. dplyr::group_by_prepare(.data, ..., .add = .add)
    
     == Failed tests ================================================================
     -- Failure (test-get_common_flat_table.R:34:3): uscb_folder works --------------
     unique(layer_common$name) not equal to c(...).
     'current' is not a factor
     -- Failure (test-get_legal_and_administrative_areas.R:8:3): get_legal_and_administrative_areas works --
     `laa` not equal to c(...).
     'current' is not a factor
     -- Failure (test-get_statistical_areas.R:8:3): get_statistical_areas works -----
     `sa` not equal to c(...).
     'current' is not a factor
     -- Failure (test-uscb_acs_5ye.R:7:3): uscb_acs_5ye works -----------------------
     `ua` not equal to structure(...).
     Component "variables": Component "name": 'current' is not a factor
     Component "variables": Component "url": 'current' is not a factor
    
     [ FAIL 4 | WARN 1 | SKIP 0 | PASS 26 ]
     Error: Test failures
     Execution halted
Flavor: r-oldrel-windows-ix86+x86_64