Last updated on 2021-01-25 00:47:58 CET.
Flavor | Version | Tinstall | Tcheck | Ttotal | Status | Flags |
---|---|---|---|---|---|---|
r-devel-linux-x86_64-debian-clang | 0.1.10 | 6.92 | 70.92 | 77.84 | OK | |
r-devel-linux-x86_64-debian-gcc | 0.1.10 | 6.37 | 53.57 | 59.94 | OK | |
r-devel-linux-x86_64-fedora-clang | 0.1.10 | 100.73 | NOTE | |||
r-devel-linux-x86_64-fedora-gcc | 0.1.10 | 90.82 | NOTE | |||
r-devel-windows-ix86+x86_64 | 0.1.10 | 23.00 | 94.00 | 117.00 | OK | |
r-patched-linux-x86_64 | 0.1.10 | 7.54 | 65.63 | 73.17 | OK | |
r-patched-solaris-x86 | 0.1.10 | 135.40 | NOTE | |||
r-release-linux-x86_64 | 0.1.10 | 7.56 | 66.25 | 73.81 | OK | |
r-release-macos-x86_64 | 0.1.10 | NOTE | ||||
r-release-windows-ix86+x86_64 | 0.1.10 | 37.00 | 109.00 | 146.00 | OK | |
r-oldrel-macos-x86_64 | 0.1.10 | NOTE | ||||
r-oldrel-windows-ix86+x86_64 | 0.1.10 | 16.00 | 101.00 | 117.00 | OK |
Version: 0.1.10
Check: dependencies in R code
Result: NOTE
Namespace in Imports field not imported from: ‘tidyr’
All declared Imports should be used.
Flavors: r-devel-linux-x86_64-fedora-clang, r-devel-linux-x86_64-fedora-gcc, r-patched-solaris-x86, r-release-macos-x86_64, r-oldrel-macos-x86_64