Last updated on 2021-01-25 00:47:58 CET.
Flavor | Version | Tinstall | Tcheck | Ttotal | Status | Flags |
---|---|---|---|---|---|---|
r-devel-linux-x86_64-debian-clang | 0.1.9 | 5.16 | 50.51 | 55.67 | OK | |
r-devel-linux-x86_64-debian-gcc | 0.1.9 | 4.11 | 39.06 | 43.17 | OK | |
r-devel-linux-x86_64-fedora-clang | 0.1.9 | 75.22 | NOTE | |||
r-devel-linux-x86_64-fedora-gcc | 0.1.9 | 65.61 | NOTE | |||
r-devel-windows-ix86+x86_64 | 0.1.9 | 15.00 | 75.00 | 90.00 | OK | |
r-patched-linux-x86_64 | 0.1.9 | 4.86 | 47.79 | 52.65 | OK | |
r-patched-solaris-x86 | 0.1.9 | 96.20 | NOTE | |||
r-release-linux-x86_64 | 0.1.9 | 4.93 | 47.38 | 52.31 | OK | |
r-release-macos-x86_64 | 0.1.9 | NOTE | ||||
r-release-windows-ix86+x86_64 | 0.1.9 | 15.00 | 70.00 | 85.00 | OK | |
r-oldrel-macos-x86_64 | 0.1.9 | NOTE | ||||
r-oldrel-windows-ix86+x86_64 | 0.1.9 | 8.00 | 67.00 | 75.00 | OK |
Version: 0.1.9
Check: package dependencies
Result: NOTE
Imports includes 28 non-default packages.
Importing from so many packages makes the package vulnerable to any of
them becoming unavailable. Move as many as possible to Suggests and
use conditionally.
Flavor: r-devel-linux-x86_64-fedora-clang
Version: 0.1.9
Check: dependencies in R code
Result: NOTE
Namespaces in Imports field not imported from:
‘DT’ ‘Formula’ ‘GGally’ ‘Hmisc’ ‘RPostgres’ ‘colourpicker’ ‘dplyr’
‘ggpmisc’ ‘ggpubr’ ‘ggrepel’ ‘ggstance’ ‘grDevices’ ‘grid’
‘gridExtra’ ‘lazyeval’ ‘markdown’ ‘plotly’ ‘quantreg’ ‘rlang’
‘shinyFiles’ ‘shinyjqui’ ‘shinyjs’ ‘survival’ ‘survminer’ ‘table1’
‘tidyr’
All declared Imports should be used.
Flavors: r-devel-linux-x86_64-fedora-clang, r-devel-linux-x86_64-fedora-gcc, r-patched-solaris-x86, r-release-macos-x86_64, r-oldrel-macos-x86_64