CRAN Package Check Results for Package gmnl

Last updated on 2021-01-25 00:47:58 CET.

Flavor Version Tinstall Tcheck Ttotal Status Flags
r-devel-linux-x86_64-debian-clang 1.1-3.2 12.96 102.86 115.82 OK
r-devel-linux-x86_64-debian-gcc 1.1-3.2 10.56 75.86 86.42 OK
r-devel-linux-x86_64-fedora-clang 1.1-3.2 142.51 NOTE
r-devel-linux-x86_64-fedora-gcc 1.1-3.2 137.71 OK
r-devel-windows-ix86+x86_64 1.1-3.2 28.00 128.00 156.00 OK
r-patched-linux-x86_64 1.1-3.2 11.35 91.94 103.29 OK
r-patched-solaris-x86 1.1-3.2 185.00 OK
r-release-linux-x86_64 1.1-3.2 11.82 93.40 105.22 OK
r-release-macos-x86_64 1.1-3.2 OK
r-release-windows-ix86+x86_64 1.1-3.2 20.00 122.00 142.00 OK
r-oldrel-macos-x86_64 1.1-3.2 OK
r-oldrel-windows-ix86+x86_64 1.1-3.2 21.00 113.00 134.00 OK

Check Details

Version: 1.1-3.2
Check: Rd cross-references
Result: NOTE
    Undeclared package ‘sandwich’ in Rd xrefs
Flavor: r-devel-linux-x86_64-fedora-clang