Last updated on 2021-01-25 00:47:58 CET.
Flavor | Version | Tinstall | Tcheck | Ttotal | Status | Flags |
---|---|---|---|---|---|---|
r-devel-linux-x86_64-debian-clang | 0.6-2 | 30.76 | 42.89 | 73.65 | OK | |
r-devel-linux-x86_64-debian-gcc | 0.6-2 | 19.56 | 33.79 | 53.35 | OK | |
r-devel-linux-x86_64-fedora-clang | 0.6-2 | 107.76 | NOTE | |||
r-devel-linux-x86_64-fedora-gcc | 0.6-2 | 87.71 | OK | |||
r-devel-windows-ix86+x86_64 | 0.6-2 | 68.00 | 95.00 | 163.00 | OK | |
r-patched-linux-x86_64 | 0.6-2 | 23.30 | 42.21 | 65.51 | OK | |
r-patched-solaris-x86 | 0.6-2 | 123.20 | OK | |||
r-release-linux-x86_64 | 0.6-2 | 22.80 | 42.02 | 64.82 | OK | |
r-release-macos-x86_64 | 0.6-2 | OK | ||||
r-release-windows-ix86+x86_64 | 0.6-2 | 61.00 | 95.00 | 156.00 | OK | |
r-oldrel-macos-x86_64 | 0.6-2 | OK | ||||
r-oldrel-windows-ix86+x86_64 | 0.6-2 | 59.00 | 97.00 | 156.00 | OK |
Version: 0.6-2
Check: Rd cross-references
Result: NOTE
Undeclared package ‘sfsmisc’ in Rd xrefs
Flavor: r-devel-linux-x86_64-fedora-clang