Last updated on 2021-01-25 00:47:58 CET.
Flavor | Version | Tinstall | Tcheck | Ttotal | Status | Flags |
---|---|---|---|---|---|---|
r-devel-linux-x86_64-debian-clang | 1.4.0 | 9.34 | 268.52 | 277.86 | OK | |
r-devel-linux-x86_64-debian-gcc | 1.4.0 | 8.01 | 229.00 | 237.01 | OK | |
r-devel-linux-x86_64-fedora-clang | 1.4.0 | 253.54 | OK | |||
r-devel-linux-x86_64-fedora-gcc | 1.4.0 | 236.84 | OK | |||
r-devel-windows-ix86+x86_64 | 1.4.0 | 20.00 | 140.00 | 160.00 | OK | |
r-patched-linux-x86_64 | 1.4.0 | 11.99 | 256.42 | 268.41 | OK | |
r-patched-solaris-x86 | 1.4.0 | 226.20 | OK | |||
r-release-linux-x86_64 | 1.4.0 | 10.97 | 263.54 | 274.51 | OK | |
r-release-macos-x86_64 | 1.4.0 | OK | ||||
r-release-windows-ix86+x86_64 | 1.4.0 | 13.00 | 171.00 | 184.00 | OK | |
r-oldrel-macos-x86_64 | 1.4.0 | ERROR | ||||
r-oldrel-windows-ix86+x86_64 | 1.1.3 | 7.00 | 91.00 | 98.00 | OK |
Version: 1.4.0
Check: package dependencies
Result: ERROR
Packages required and available but unsuitable versions:
'parallel', 'stats', 'graphics', 'grDevices'
See section ‘The DESCRIPTION file’ in the ‘Writing R Extensions’
manual.
Flavor: r-oldrel-macos-x86_64