CRAN Package Check Results for Package googlesheets

Last updated on 2021-01-25 00:47:58 CET.

Flavor Version Tinstall Tcheck Ttotal Status Flags
r-devel-linux-x86_64-debian-clang 0.3.0 7.03 59.29 66.32 OK
r-devel-linux-x86_64-debian-gcc 0.3.0 5.05 44.89 49.94 OK
r-devel-linux-x86_64-fedora-clang 0.3.0 87.87 NOTE
r-devel-linux-x86_64-fedora-gcc 0.3.0 77.64 NOTE
r-devel-windows-ix86+x86_64 0.3.0 15.00 67.00 82.00 OK
r-patched-linux-x86_64 0.3.0 5.88 55.25 61.13 OK
r-patched-solaris-x86 0.3.0 96.10 NOTE
r-release-linux-x86_64 0.3.0 6.70 55.32 62.02 OK
r-release-macos-x86_64 0.3.0 NOTE
r-release-windows-ix86+x86_64 0.3.0 21.00 82.00 103.00 OK
r-oldrel-macos-x86_64 0.3.0 NOTE
r-oldrel-windows-ix86+x86_64 0.3.0 11.00 75.00 86.00 OK

Check Details

Version: 0.3.0
Check: dependencies in R code
Result: NOTE
    Namespace in Imports field not imported from: ‘tibble’
     All declared Imports should be used.
Flavors: r-devel-linux-x86_64-fedora-clang, r-devel-linux-x86_64-fedora-gcc, r-patched-solaris-x86, r-release-macos-x86_64, r-oldrel-macos-x86_64