CRAN Package Check Results for Package gtrendsR

Last updated on 2021-01-25 00:47:59 CET.

Flavor Version Tinstall Tcheck Ttotal Status Flags
r-devel-linux-x86_64-debian-clang 1.4.7 6.30 52.90 59.20 OK
r-devel-linux-x86_64-debian-gcc 1.4.7 5.36 40.33 45.69 OK
r-devel-linux-x86_64-fedora-clang 1.4.7 81.92 NOTE
r-devel-linux-x86_64-fedora-gcc 1.4.7 69.57 NOTE
r-devel-windows-ix86+x86_64 1.4.7 16.00 115.00 131.00 OK
r-patched-linux-x86_64 1.4.7 6.42 48.84 55.26 OK
r-patched-solaris-x86 1.4.7 96.80 NOTE
r-release-linux-x86_64 1.4.7 6.24 49.71 55.95 OK
r-release-macos-x86_64 1.4.7 NOTE
r-release-windows-ix86+x86_64 1.4.7 24.00 124.00 148.00 OK
r-oldrel-macos-x86_64 1.4.7 NOTE
r-oldrel-windows-ix86+x86_64 1.4.7 12.00 142.00 154.00 OK

Check Details

Version: 1.4.7
Check: data for non-ASCII characters
Result: NOTE
     Note: found 269 marked UTF-8 strings
Flavors: r-devel-linux-x86_64-fedora-clang, r-devel-linux-x86_64-fedora-gcc, r-patched-solaris-x86, r-release-macos-x86_64, r-oldrel-macos-x86_64