Last updated on 2021-01-25 00:47:59 CET.
Flavor | Version | Tinstall | Tcheck | Ttotal | Status | Flags |
---|---|---|---|---|---|---|
r-devel-linux-x86_64-debian-clang | 3.1.2 | 47.31 | 192.81 | 240.12 | OK | |
r-devel-linux-x86_64-debian-gcc | 3.1.2 | 36.21 | 138.98 | 175.19 | OK | |
r-devel-linux-x86_64-fedora-clang | 3.1.2 | 299.86 | OK | |||
r-devel-linux-x86_64-fedora-gcc | 3.1.2 | 284.19 | OK | |||
r-devel-windows-ix86+x86_64 | 3.1.2 | 93.00 | 256.00 | 349.00 | NOTE | |
r-patched-linux-x86_64 | 3.1.2 | 38.06 | 177.17 | 215.23 | OK | |
r-patched-solaris-x86 | 3.1.2 | 303.50 | NOTE | |||
r-release-linux-x86_64 | 3.1.2 | 43.28 | 176.53 | 219.81 | OK | |
r-release-macos-x86_64 | 3.1.2 | NOTE | ||||
r-release-windows-ix86+x86_64 | 3.1.2 | 69.00 | 287.00 | 356.00 | NOTE | |
r-oldrel-macos-x86_64 | 3.1.2 | WARN | ||||
r-oldrel-windows-ix86+x86_64 | 3.1.2 | 72.00 | 266.00 | 338.00 | WARN |
Version: 3.1.2
Check: installed package size
Result: NOTE
installed size is 5.9Mb
sub-directories of 1Mb or more:
data 1.3Mb
libs 2.4Mb
Flavors: r-devel-windows-ix86+x86_64, r-release-macos-x86_64, r-release-windows-ix86+x86_64, r-oldrel-macos-x86_64, r-oldrel-windows-ix86+x86_64
Version: 3.1.2
Check: package dependencies
Result: NOTE
Package suggested but not available for checking: ‘staplr’
Flavor: r-patched-solaris-x86
Version: 3.1.2
Check: dependencies in R code
Result: NOTE
No protocol specified
No protocol specified
Flavor: r-oldrel-macos-x86_64
Version: 3.1.2
Check: Rd cross-references
Result: WARN
Missing link or links in documentation object 'plotwitherror.Rd':
‘[base]{plot}’
See section 'Cross-references' in the 'Writing R Extensions' manual.
Flavors: r-oldrel-macos-x86_64, r-oldrel-windows-ix86+x86_64